{"version":"1.0","provider_name":"Mayr Fort Frei - Studio Tributario Associato","provider_url":"https:\/\/mayr-fort-frei.it\/de\/","author_name":"admin","author_url":"https:\/\/mayr-fort-frei.it\/de\/author\/admin\/","title":"Die Kanzlei - Mayr Fort Frei - Studio Tributario Associato","type":"rich","width":600,"height":338,"html":"<blockquote class=\"wp-embedded-content\"><a href=\"https:\/\/mayr-fort-frei.it\/de\/die-kanzlei\/\">Die Kanzlei<\/a><\/blockquote>\n<script type='text\/javascript'>\n<!--\/\/--><![CDATA[\/\/><!--\n\t\t\/*! This file is auto-generated *\/\n\t\t!function(d,l){\"use strict\";var e=!1,n=!1;if(l.querySelector)if(d.addEventListener)e=!0;if(d.wp=d.wp||{},!d.wp.receiveEmbedMessage)if(d.wp.receiveEmbedMessage=function(e){var t=e.data;if(t)if(t.secret||t.message||t.value)if(!\/[^a-zA-Z0-9]\/.test(t.secret)){for(var r,i,a,s=l.querySelectorAll('iframe[data-secret=\"'+t.secret+'\"]'),n=l.querySelectorAll('blockquote[data-secret=\"'+t.secret+'\"]'),o=new RegExp(\"^https?:$\",\"i\"),c=0;c<n.length;c++)n[c].style.display=\"none\";for(c=0;c<s.length;c++)if(r=s[c],e.source===r.contentWindow){if(r.removeAttribute(\"style\"),\"height\"===t.message){if(1e3<(a=parseInt(t.value,10)))a=1e3;else if(~~a<200)a=200;r.height=a}if(\"link\"===t.message)if(i=l.createElement(\"a\"),a=l.createElement(\"a\"),i.href=r.getAttribute(\"src\"),a.href=t.value,o.test(a.protocol))if(a.host===i.host)if(l.activeElement===r)d.top.location.href=t.value}}},e)d.addEventListener(\"message\",d.wp.receiveEmbedMessage,!1),l.addEventListener(\"DOMContentLoaded\",t,!1),d.addEventListener(\"load\",t,!1);function t(){if(!n){n=!0;for(var e,t,r=-1!==navigator.appVersion.indexOf(\"MSIE 10\"),i=!!navigator.userAgent.match(\/Trident.*rv:11\\.\/),a=l.querySelectorAll(\"iframe.wp-embedded-content\"),s=0;s<a.length;s++){if(!(e=a[s]).getAttribute(\"data-secret\"))t=Math.random().toString(36).substr(2,10),e.src+=\"#?secret=\"+t,e.setAttribute(\"data-secret\",t);if(r||i)(t=e.cloneNode(!0)).removeAttribute(\"security\"),e.parentNode.replaceChild(t,e)}}}}(window,document);\n\/\/--><!]]>\n<\/script><iframe sandbox=\"allow-scripts\" security=\"restricted\" src=\"https:\/\/mayr-fort-frei.it\/de\/die-kanzlei\/embed\/\" width=\"600\" height=\"338\" title=\"&#8222;Die Kanzlei&#8220; &#8212; Mayr Fort Frei - Studio Tributario Associato\" frameborder=\"0\" marginwidth=\"0\" marginheight=\"0\" scrolling=\"no\" class=\"wp-embedded-content\"><\/iframe>","description":"[vc_row][vc_column width=&#8220;1\/2&#8243;][vc_column_text]Die Soziet\u00e4t ber\u00e4t in allen Fragen der nationalen und internationalen Besteuerung, auch mit Unterst\u00fctzung eines weiten Netzwerks von Korrespondenten in allen wichtigen L\u00e4ndern (EU und au\u00dferhalb). Die Kanzlei \u00fcbernimmt die Assistenz und Vertretung der Steuerpflichtigen gegen\u00fcber der Finanzverwaltung und gegen\u00fcber den Steuergerichten. Die laufende Fortbildung in Bezug auf die Entwicklungen im nationalen und internationalen [&hellip;]","thumbnail_url":"http:\/\/mayr-fort-frei.it\/wp-content\/uploads\/2015\/02\/studio.jpg"}

[vc_row][vc_column width=&#8220;1/2&#8243;][vc_column_text]Die Sozietät berät in allen Fragen der nationalen und internationalen Besteuerung, auch mit Unterstützung eines weiten Netzwerks von Korrespondenten in allen wichtigen Ländern (EU und außerhalb). Die Kanzlei übernimmt die Assistenz und Vertretung der Steuerpflichtigen gegenüber der Finanzverwaltung und gegenüber den Steuergerichten. Die laufende Fortbildung in Bezug auf die Entwicklungen im nationalen und internationalen [&hellip;]
