{"id":5046,"date":"2016-05-18T10:38:19","date_gmt":"2016-05-18T09:38:19","guid":{"rendered":"http:\/\/mayr-fort-frei.it\/de\/?page_id=5046"},"modified":"2016-05-24T14:09:11","modified_gmt":"2016-05-24T13:09:11","slug":"dott-giovanni-fort","status":"publish","type":"page","link":"https:\/\/mayr-fort-frei.it\/de\/team\/dott-giovanni-fort\/","title":{"rendered":"Dott. Giovanni Fort"},"content":{"rendered":"<p>[vc_row][vc_column width=&#8220;1\/2&#8243;][vc_column_text]<br \/>\nWirtschaftsstudium an der Universit\u00e4t Bocconi Mailand.<br \/>\nEintragung im Verzeichnis der Steuerberater von Mailand seit 1991 und im Verzechnis der Wirstchaftspr\u00fcfer seit 1995.<br \/>\nBis 1996 in der Mail\u00e4nder Gesch\u00e4ftsstelle des \u00abStudio Associato Legale Tributario\u00bb, Korrespondent von Ernst &#038; Young, t\u00e4tig.<br \/>\nPartner der Kanzlei seit 2003.<br \/>\nPublizist und Referent bei Seminaren und Kongressen.<\/p>\n<p>Sprachen: Italienisch, Englisch und Franz\u00f6sich.<br \/>\n[\/vc_column_text]<br \/>\n[\/vc_column]<br \/>\n[vc_column width=&#8220;1\/2&#8243;]<br \/>\n[vc_single_image image=&#8220;4723&#8243; alignment=&#8220;center&#8220; border_color=&#8220;grey&#8220; img_link_target=&#8220;_self&#8220; img_size=&#8220;full&#8220;]<br \/>\n[\/vc_column]<br \/>\n[\/vc_row] <\/p>\n","protected":false},"excerpt":{"rendered":"<p>[vc_row][vc_column width=&#8220;1\/2&#8243;][vc_column_text] Wirtschaftsstudium an der Universit\u00e4t Bocconi Mailand. Eintragung im Verzeichnis der Steuerberater von Mailand seit 1991 und im Verzechnis der Wirstchaftspr\u00fcfer seit 1995. Bis 1996 in der Mail\u00e4nder Gesch\u00e4ftsstelle des \u00abStudio Associato Legale Tributario\u00bb, Korrespondent von Ernst &#038; Young, t\u00e4tig. Partner der Kanzlei seit 2003. Publizist und Referent bei Seminaren und Kongressen. Sprachen: Italienisch, [&hellip;]<\/p>\n","protected":false},"author":1,"featured_media":0,"parent":5192,"menu_order":0,"comment_status":"open","ping_status":"closed","template":"page-sidebar-right.php","meta":[],"yoast_head":"<!-- This site is optimized with the Yoast SEO plugin v17.9 - https:\/\/yoast.com\/wordpress\/plugins\/seo\/ -->\n<title>Dott. Giovanni Fort - Mayr Fort Frei - Studio Tributario Associato<\/title>\n<meta name=\"robots\" content=\"index, follow, max-snippet:-1, max-image-preview:large, max-video-preview:-1\" \/>\n<link rel=\"canonical\" href=\"https:\/\/mayr-fort-frei.it\/de\/team\/dott-giovanni-fort\/\" \/>\n<meta property=\"og:locale\" content=\"de_DE\" \/>\n<meta property=\"og:type\" content=\"article\" \/>\n<meta property=\"og:title\" content=\"Dott. Giovanni Fort - Mayr Fort Frei - Studio Tributario Associato\" \/>\n<meta property=\"og:description\" content=\"[vc_row][vc_column width=&#8220;1\/2&#8243;][vc_column_text] Wirtschaftsstudium an der Universit\u00e4t Bocconi Mailand. Eintragung im Verzeichnis der Steuerberater von Mailand seit 1991 und im Verzechnis der Wirstchaftspr\u00fcfer seit 1995. Bis 1996 in der Mail\u00e4nder Gesch\u00e4ftsstelle des \u00abStudio Associato Legale Tributario\u00bb, Korrespondent von Ernst &#038; Young, t\u00e4tig. Partner der Kanzlei seit 2003. Publizist und Referent bei Seminaren und Kongressen. Sprachen: Italienisch, [&hellip;]\" \/>\n<meta property=\"og:url\" content=\"https:\/\/mayr-fort-frei.it\/de\/team\/dott-giovanni-fort\/\" \/>\n<meta property=\"og:site_name\" content=\"Mayr Fort Frei - Studio Tributario Associato\" \/>\n<meta property=\"article:modified_time\" content=\"2016-05-24T13:09:11+00:00\" \/>\n<script type=\"application\/ld+json\" class=\"yoast-schema-graph\">{\"@context\":\"https:\/\/schema.org\",\"@graph\":[{\"@type\":\"WebSite\",\"@id\":\"https:\/\/mayr-fort-frei.it\/#website\",\"url\":\"https:\/\/mayr-fort-frei.it\/\",\"name\":\"Mayr Fort Frei - Studio Tributario Associato\",\"description\":\"Studio Tributario Associato, consulenza ed assistenza in materia tributaria, contrattuale e societaria.\",\"potentialAction\":[{\"@type\":\"SearchAction\",\"target\":{\"@type\":\"EntryPoint\",\"urlTemplate\":\"https:\/\/mayr-fort-frei.it\/?s={search_term_string}\"},\"query-input\":\"required name=search_term_string\"}],\"inLanguage\":\"de-DE\"},{\"@type\":\"WebPage\",\"@id\":\"https:\/\/mayr-fort-frei.it\/de\/team\/dott-giovanni-fort\/#webpage\",\"url\":\"https:\/\/mayr-fort-frei.it\/de\/team\/dott-giovanni-fort\/\",\"name\":\"Dott. Giovanni Fort - Mayr Fort Frei - Studio Tributario Associato\",\"isPartOf\":{\"@id\":\"https:\/\/mayr-fort-frei.it\/#website\"},\"datePublished\":\"2016-05-18T09:38:19+00:00\",\"dateModified\":\"2016-05-24T13:09:11+00:00\",\"breadcrumb\":{\"@id\":\"https:\/\/mayr-fort-frei.it\/de\/team\/dott-giovanni-fort\/#breadcrumb\"},\"inLanguage\":\"de-DE\",\"potentialAction\":[{\"@type\":\"ReadAction\",\"target\":[\"https:\/\/mayr-fort-frei.it\/de\/team\/dott-giovanni-fort\/\"]}]},{\"@type\":\"BreadcrumbList\",\"@id\":\"https:\/\/mayr-fort-frei.it\/de\/team\/dott-giovanni-fort\/#breadcrumb\",\"itemListElement\":[{\"@type\":\"ListItem\",\"position\":1,\"name\":\"Home\",\"item\":\"https:\/\/mayr-fort-frei.it\/de\/\"},{\"@type\":\"ListItem\",\"position\":2,\"name\":\"Team\",\"item\":\"https:\/\/mayr-fort-frei.it\/de\/team\/\"},{\"@type\":\"ListItem\",\"position\":3,\"name\":\"Dott. Giovanni Fort\"}]}]}<\/script>\n<!-- \/ Yoast SEO plugin. -->","yoast_head_json":{"title":"Dott. Giovanni Fort - Mayr Fort Frei - Studio Tributario Associato","robots":{"index":"index","follow":"follow","max-snippet":"max-snippet:-1","max-image-preview":"max-image-preview:large","max-video-preview":"max-video-preview:-1"},"canonical":"https:\/\/mayr-fort-frei.it\/de\/team\/dott-giovanni-fort\/","og_locale":"de_DE","og_type":"article","og_title":"Dott. Giovanni Fort - Mayr Fort Frei - Studio Tributario Associato","og_description":"[vc_row][vc_column width=&#8220;1\/2&#8243;][vc_column_text] Wirtschaftsstudium an der Universit\u00e4t Bocconi Mailand. Eintragung im Verzeichnis der Steuerberater von Mailand seit 1991 und im Verzechnis der Wirstchaftspr\u00fcfer seit 1995. Bis 1996 in der Mail\u00e4nder Gesch\u00e4ftsstelle des \u00abStudio Associato Legale Tributario\u00bb, Korrespondent von Ernst &#038; Young, t\u00e4tig. Partner der Kanzlei seit 2003. Publizist und Referent bei Seminaren und Kongressen. Sprachen: Italienisch, [&hellip;]","og_url":"https:\/\/mayr-fort-frei.it\/de\/team\/dott-giovanni-fort\/","og_site_name":"Mayr Fort Frei - Studio Tributario Associato","article_modified_time":"2016-05-24T13:09:11+00:00","schema":{"@context":"https:\/\/schema.org","@graph":[{"@type":"WebSite","@id":"https:\/\/mayr-fort-frei.it\/#website","url":"https:\/\/mayr-fort-frei.it\/","name":"Mayr Fort Frei - Studio Tributario Associato","description":"Studio Tributario Associato, consulenza ed assistenza in materia tributaria, contrattuale e societaria.","potentialAction":[{"@type":"SearchAction","target":{"@type":"EntryPoint","urlTemplate":"https:\/\/mayr-fort-frei.it\/?s={search_term_string}"},"query-input":"required name=search_term_string"}],"inLanguage":"de-DE"},{"@type":"WebPage","@id":"https:\/\/mayr-fort-frei.it\/de\/team\/dott-giovanni-fort\/#webpage","url":"https:\/\/mayr-fort-frei.it\/de\/team\/dott-giovanni-fort\/","name":"Dott. Giovanni Fort - Mayr Fort Frei - Studio Tributario Associato","isPartOf":{"@id":"https:\/\/mayr-fort-frei.it\/#website"},"datePublished":"2016-05-18T09:38:19+00:00","dateModified":"2016-05-24T13:09:11+00:00","breadcrumb":{"@id":"https:\/\/mayr-fort-frei.it\/de\/team\/dott-giovanni-fort\/#breadcrumb"},"inLanguage":"de-DE","potentialAction":[{"@type":"ReadAction","target":["https:\/\/mayr-fort-frei.it\/de\/team\/dott-giovanni-fort\/"]}]},{"@type":"BreadcrumbList","@id":"https:\/\/mayr-fort-frei.it\/de\/team\/dott-giovanni-fort\/#breadcrumb","itemListElement":[{"@type":"ListItem","position":1,"name":"Home","item":"https:\/\/mayr-fort-frei.it\/de\/"},{"@type":"ListItem","position":2,"name":"Team","item":"https:\/\/mayr-fort-frei.it\/de\/team\/"},{"@type":"ListItem","position":3,"name":"Dott. Giovanni Fort"}]}]}},"_links":{"self":[{"href":"https:\/\/mayr-fort-frei.it\/de\/wp-json\/wp\/v2\/pages\/5046"}],"collection":[{"href":"https:\/\/mayr-fort-frei.it\/de\/wp-json\/wp\/v2\/pages"}],"about":[{"href":"https:\/\/mayr-fort-frei.it\/de\/wp-json\/wp\/v2\/types\/page"}],"author":[{"embeddable":true,"href":"https:\/\/mayr-fort-frei.it\/de\/wp-json\/wp\/v2\/users\/1"}],"replies":[{"embeddable":true,"href":"https:\/\/mayr-fort-frei.it\/de\/wp-json\/wp\/v2\/comments?post=5046"}],"version-history":[{"count":3,"href":"https:\/\/mayr-fort-frei.it\/de\/wp-json\/wp\/v2\/pages\/5046\/revisions"}],"predecessor-version":[{"id":5209,"href":"https:\/\/mayr-fort-frei.it\/de\/wp-json\/wp\/v2\/pages\/5046\/revisions\/5209"}],"up":[{"embeddable":true,"href":"https:\/\/mayr-fort-frei.it\/de\/wp-json\/wp\/v2\/pages\/5192"}],"wp:attachment":[{"href":"https:\/\/mayr-fort-frei.it\/de\/wp-json\/wp\/v2\/media?parent=5046"}],"curies":[{"name":"wp","href":"https:\/\/api.w.org\/{rel}","templated":true}]}}

<p>[vc_row][vc_column width=&#8220;1/2&#8243;][vc_column_text]<br />
Wirtschaftsstudium an der Universität Bocconi Mailand.<br />
Eintragung im Verzeichnis der Steuerberater von Mailand seit 1991 und im Verzechnis der Wirstchaftsprüfer seit 1995.<br />
Bis 1996 in der Mailänder Geschäftsstelle des «Studio Associato Legale Tributario», Korrespondent von Ernst &#038; Young, tätig.<br />
Partner der Kanzlei seit 2003.<br />
Publizist und Referent bei Seminaren und Kongressen.</p>
<p>Sprachen: Italienisch, Englisch und Französich.<br />
[/vc_column_text]<br />
[/vc_column]<br />
[vc_column width=&#8220;1/2&#8243;]<br />
[vc_single_image image=&#8220;4723&#8243; alignment=&#8220;center&#8220; border_color=&#8220;grey&#8220; img_link_target=&#8220;_self&#8220; img_size=&#8220;full&#8220;]<br />
[/vc_column]<br />
[/vc_row] </p>

<p>[vc_row][vc_column width=&#8220;1/2&#8243;][vc_column_text] Wirtschaftsstudium an der Universität Bocconi Mailand. Eintragung im Verzeichnis der Steuerberater von Mailand seit 1991 und im Verzechnis der Wirstchaftsprüfer seit 1995. Bis 1996 in der Mailänder Geschäftsstelle des «Studio Associato Legale Tributario», Korrespondent von Ernst &#038; Young, tätig. Partner der Kanzlei seit 2003. Publizist und Referent bei Seminaren und Kongressen. Sprachen: Italienisch, [&hellip;]</p>

<!-- This site is optimized with the Yoast SEO plugin v17.9 - https://yoast.com/wordpress/plugins/seo/ -->
<title>Dott. Giovanni Fort - Mayr Fort Frei - Studio Tributario Associato</title>
<meta name="robots" content="index, follow, max-snippet:-1, max-image-preview:large, max-video-preview:-1" />
<link rel="canonical" href="https://mayr-fort-frei.it/de/team/dott-giovanni-fort/" />
<meta property="og:locale" content="de_DE" />
<meta property="og:type" content="article" />
<meta property="og:title" content="Dott. Giovanni Fort - Mayr Fort Frei - Studio Tributario Associato" />
<meta property="og:description" content="[vc_row][vc_column width=&#8220;1/2&#8243;][vc_column_text] Wirtschaftsstudium an der Universität Bocconi Mailand. Eintragung im Verzeichnis der Steuerberater von Mailand seit 1991 und im Verzechnis der Wirstchaftsprüfer seit 1995. Bis 1996 in der Mailänder Geschäftsstelle des «Studio Associato Legale Tributario», Korrespondent von Ernst &#038; Young, tätig. Partner der Kanzlei seit 2003. Publizist und Referent bei Seminaren und Kongressen. Sprachen: Italienisch, [&hellip;]" />
<meta property="og:url" content="https://mayr-fort-frei.it/de/team/dott-giovanni-fort/" />
<meta property="og:site_name" content="Mayr Fort Frei - Studio Tributario Associato" />
<meta property="article:modified_time" content="2016-05-24T13:09:11+00:00" />
<script type="application/ld+json" class="yoast-schema-graph">{"@context":"https://schema.org","@graph":[{"@type":"WebSite","@id":"https://mayr-fort-frei.it/#website","url":"https://mayr-fort-frei.it/","name":"Mayr Fort Frei - Studio Tributario Associato","description":"Studio Tributario Associato, consulenza ed assistenza in materia tributaria, contrattuale e societaria.","potentialAction":[{"@type":"SearchAction","target":{"@type":"EntryPoint","urlTemplate":"https://mayr-fort-frei.it/?s={search_term_string}"},"query-input":"required name=search_term_string"}],"inLanguage":"de-DE"},{"@type":"WebPage","@id":"https://mayr-fort-frei.it/de/team/dott-giovanni-fort/#webpage","url":"https://mayr-fort-frei.it/de/team/dott-giovanni-fort/","name":"Dott. Giovanni Fort - Mayr Fort Frei - Studio Tributario Associato","isPartOf":{"@id":"https://mayr-fort-frei.it/#website"},"datePublished":"2016-05-18T09:38:19+00:00","dateModified":"2016-05-24T13:09:11+00:00","breadcrumb":{"@id":"https://mayr-fort-frei.it/de/team/dott-giovanni-fort/#breadcrumb"},"inLanguage":"de-DE","potentialAction":[{"@type":"ReadAction","target":["https://mayr-fort-frei.it/de/team/dott-giovanni-fort/"]}]},{"@type":"BreadcrumbList","@id":"https://mayr-fort-frei.it/de/team/dott-giovanni-fort/#breadcrumb","itemListElement":[{"@type":"ListItem","position":1,"name":"Home","item":"https://mayr-fort-frei.it/de/"},{"@type":"ListItem","position":2,"name":"Team","item":"https://mayr-fort-frei.it/de/team/"},{"@type":"ListItem","position":3,"name":"Dott. Giovanni Fort"}]}]}</script>
<!-- / Yoast SEO plugin. -->

[vc_row][vc_column width=&#8220;1/2&#8243;][vc_column_text] Wirtschaftsstudium an der Universität Bocconi Mailand. Eintragung im Verzeichnis der Steuerberater von Mailand seit 1991 und im Verzechnis der Wirstchaftsprüfer seit 1995. Bis 1996 in der Mailänder Geschäftsstelle des «Studio Associato Legale Tributario», Korrespondent von Ernst &#038; Young, tätig. Partner der Kanzlei seit 2003. Publizist und Referent bei Seminaren und Kongressen. Sprachen: Italienisch, [&hellip;]
