{"id":5064,"date":"2016-05-18T11:03:10","date_gmt":"2016-05-18T10:03:10","guid":{"rendered":"http:\/\/mayr-fort-frei.it\/de\/?page_id=5064"},"modified":"2016-06-06T12:39:33","modified_gmt":"2016-06-06T11:39:33","slug":"dott-siegfried-mayr","status":"publish","type":"page","link":"https:\/\/mayr-fort-frei.it\/de\/team\/dott-siegfried-mayr\/","title":{"rendered":"Dott. Siegfried Mayr"},"content":{"rendered":"<p>[vc_row][vc_column width=&#8220;1\/2&#8243;][vc_column_text]<br \/>\nGr\u00fcnder des Studio Mayr und der Soziet\u00e4t MAYR FORT FREI.<br \/>\nVorher: Tax Manager bei Arthur Andersen Mailand.<br \/>\nWirtschaftsstudium an der Universit\u00e4t Padua und Studium der Rechtswissenschaften an der Staatlichen Universit\u00e4t Mailand.<br \/>\nIm Verzeichnis der Steuerberater und Wirtschaftspr\u00fcfer von Mailand eingetragen.<br \/>\nFr\u00fcher: Dozent f\u00fcr Steuerrecht an den Universit\u00e4ten Innsbruck und an der Universit\u00e0 Cattolica Mailand sowie an der Wirtschafts- und Finanzhochschule \u00abEzio Vanoni\u00bb in Rom.<br \/>\nDozent f\u00fcr internationales Steuerrecht an der Scuola di Polizia Tributaria der \u00abGuardia di Finanza\u00bb (Ostia).<br \/>\nDozent f\u00fcr Steuerrecht an verschiedenen Master-Kursen (Universit\u00e4t Bocconi, \u00abIl Sole 24 Ore\u00bb, SUPSI Lugano, Master in International Taxation an der Universit\u00e4t Hamburg).<br \/>\nPublizist und Mitarbeiter bei steuerlichen Fachzeitschriften in Italien und im Ausland.<br \/>\nReferent bei zahlreichen Konferenzen und Seminaren in Italien und im Ausland auf dem Gebiet des italienischen und internationalen Steuerrechts.<br \/>\nNational-Berichterstatter f\u00fcr Italien bei den IFA Kongressen 1982 in Berlin, 1985 in London, 1994 in Toronto und 2004 in Wien.<\/p>\n<p>Sprachen: Italienisch, Deutsch, Englisch.<br \/>\n[\/vc_column_text]<br \/>\n[\/vc_column]<br \/>\n[vc_column width=&#8220;1\/2&#8243;]<br \/>\n[vc_single_image image=&#8220;4745&#8243; border_color=&#8220;grey&#8220; img_link_target=&#8220;_self&#8220; img_size=&#8220;full&#8220;]<br \/>\n[\/vc_column][\/vc_row]<\/p>\n","protected":false},"excerpt":{"rendered":"<p>[vc_row][vc_column width=&#8220;1\/2&#8243;][vc_column_text] Gr\u00fcnder des Studio Mayr und der Soziet\u00e4t MAYR FORT FREI. Vorher: Tax Manager bei Arthur Andersen Mailand. Wirtschaftsstudium an der Universit\u00e4t Padua und Studium der Rechtswissenschaften an der Staatlichen Universit\u00e4t Mailand. Im Verzeichnis der Steuerberater und Wirtschaftspr\u00fcfer von Mailand eingetragen. Fr\u00fcher: Dozent f\u00fcr Steuerrecht an den Universit\u00e4ten Innsbruck und an der Universit\u00e0 Cattolica [&hellip;]<\/p>\n","protected":false},"author":1,"featured_media":0,"parent":5192,"menu_order":0,"comment_status":"open","ping_status":"open","template":"page-sidebar-right.php","meta":[],"yoast_head":"<!-- This site is optimized with the Yoast SEO plugin v17.9 - https:\/\/yoast.com\/wordpress\/plugins\/seo\/ -->\n<title>Dott. Siegfried Mayr - Mayr Fort Frei - Studio Tributario Associato<\/title>\n<meta name=\"robots\" content=\"index, follow, max-snippet:-1, max-image-preview:large, max-video-preview:-1\" \/>\n<link rel=\"canonical\" href=\"https:\/\/mayr-fort-frei.it\/de\/team\/dott-siegfried-mayr\/\" \/>\n<meta property=\"og:locale\" content=\"de_DE\" \/>\n<meta property=\"og:type\" content=\"article\" \/>\n<meta property=\"og:title\" content=\"Dott. Siegfried Mayr - Mayr Fort Frei - Studio Tributario Associato\" \/>\n<meta property=\"og:description\" content=\"[vc_row][vc_column width=&#8220;1\/2&#8243;][vc_column_text] Gr\u00fcnder des Studio Mayr und der Soziet\u00e4t MAYR FORT FREI. Vorher: Tax Manager bei Arthur Andersen Mailand. Wirtschaftsstudium an der Universit\u00e4t Padua und Studium der Rechtswissenschaften an der Staatlichen Universit\u00e4t Mailand. Im Verzeichnis der Steuerberater und Wirtschaftspr\u00fcfer von Mailand eingetragen. Fr\u00fcher: Dozent f\u00fcr Steuerrecht an den Universit\u00e4ten Innsbruck und an der Universit\u00e0 Cattolica [&hellip;]\" \/>\n<meta property=\"og:url\" content=\"https:\/\/mayr-fort-frei.it\/de\/team\/dott-siegfried-mayr\/\" \/>\n<meta property=\"og:site_name\" content=\"Mayr Fort Frei - Studio Tributario Associato\" \/>\n<meta property=\"article:modified_time\" content=\"2016-06-06T11:39:33+00:00\" \/>\n<meta name=\"twitter:label1\" content=\"Gesch\u00e4tzte Lesezeit\" \/>\n\t<meta name=\"twitter:data1\" content=\"1 Minute\" \/>\n<script type=\"application\/ld+json\" class=\"yoast-schema-graph\">{\"@context\":\"https:\/\/schema.org\",\"@graph\":[{\"@type\":\"WebSite\",\"@id\":\"https:\/\/mayr-fort-frei.it\/#website\",\"url\":\"https:\/\/mayr-fort-frei.it\/\",\"name\":\"Mayr Fort Frei - Studio Tributario Associato\",\"description\":\"Studio Tributario Associato, consulenza ed assistenza in materia tributaria, contrattuale e societaria.\",\"potentialAction\":[{\"@type\":\"SearchAction\",\"target\":{\"@type\":\"EntryPoint\",\"urlTemplate\":\"https:\/\/mayr-fort-frei.it\/?s={search_term_string}\"},\"query-input\":\"required name=search_term_string\"}],\"inLanguage\":\"de-DE\"},{\"@type\":\"WebPage\",\"@id\":\"https:\/\/mayr-fort-frei.it\/de\/team\/dott-siegfried-mayr\/#webpage\",\"url\":\"https:\/\/mayr-fort-frei.it\/de\/team\/dott-siegfried-mayr\/\",\"name\":\"Dott. Siegfried Mayr - Mayr Fort Frei - Studio Tributario Associato\",\"isPartOf\":{\"@id\":\"https:\/\/mayr-fort-frei.it\/#website\"},\"datePublished\":\"2016-05-18T10:03:10+00:00\",\"dateModified\":\"2016-06-06T11:39:33+00:00\",\"breadcrumb\":{\"@id\":\"https:\/\/mayr-fort-frei.it\/de\/team\/dott-siegfried-mayr\/#breadcrumb\"},\"inLanguage\":\"de-DE\",\"potentialAction\":[{\"@type\":\"ReadAction\",\"target\":[\"https:\/\/mayr-fort-frei.it\/de\/team\/dott-siegfried-mayr\/\"]}]},{\"@type\":\"BreadcrumbList\",\"@id\":\"https:\/\/mayr-fort-frei.it\/de\/team\/dott-siegfried-mayr\/#breadcrumb\",\"itemListElement\":[{\"@type\":\"ListItem\",\"position\":1,\"name\":\"Home\",\"item\":\"https:\/\/mayr-fort-frei.it\/de\/\"},{\"@type\":\"ListItem\",\"position\":2,\"name\":\"Team\",\"item\":\"https:\/\/mayr-fort-frei.it\/de\/team\/\"},{\"@type\":\"ListItem\",\"position\":3,\"name\":\"Dott. Siegfried Mayr\"}]}]}<\/script>\n<!-- \/ Yoast SEO plugin. -->","yoast_head_json":{"title":"Dott. Siegfried Mayr - Mayr Fort Frei - Studio Tributario Associato","robots":{"index":"index","follow":"follow","max-snippet":"max-snippet:-1","max-image-preview":"max-image-preview:large","max-video-preview":"max-video-preview:-1"},"canonical":"https:\/\/mayr-fort-frei.it\/de\/team\/dott-siegfried-mayr\/","og_locale":"de_DE","og_type":"article","og_title":"Dott. Siegfried Mayr - Mayr Fort Frei - Studio Tributario Associato","og_description":"[vc_row][vc_column width=&#8220;1\/2&#8243;][vc_column_text] Gr\u00fcnder des Studio Mayr und der Soziet\u00e4t MAYR FORT FREI. Vorher: Tax Manager bei Arthur Andersen Mailand. Wirtschaftsstudium an der Universit\u00e4t Padua und Studium der Rechtswissenschaften an der Staatlichen Universit\u00e4t Mailand. Im Verzeichnis der Steuerberater und Wirtschaftspr\u00fcfer von Mailand eingetragen. Fr\u00fcher: Dozent f\u00fcr Steuerrecht an den Universit\u00e4ten Innsbruck und an der Universit\u00e0 Cattolica [&hellip;]","og_url":"https:\/\/mayr-fort-frei.it\/de\/team\/dott-siegfried-mayr\/","og_site_name":"Mayr Fort Frei - Studio Tributario Associato","article_modified_time":"2016-06-06T11:39:33+00:00","twitter_misc":{"Gesch\u00e4tzte Lesezeit":"1 Minute"},"schema":{"@context":"https:\/\/schema.org","@graph":[{"@type":"WebSite","@id":"https:\/\/mayr-fort-frei.it\/#website","url":"https:\/\/mayr-fort-frei.it\/","name":"Mayr Fort Frei - Studio Tributario Associato","description":"Studio Tributario Associato, consulenza ed assistenza in materia tributaria, contrattuale e societaria.","potentialAction":[{"@type":"SearchAction","target":{"@type":"EntryPoint","urlTemplate":"https:\/\/mayr-fort-frei.it\/?s={search_term_string}"},"query-input":"required name=search_term_string"}],"inLanguage":"de-DE"},{"@type":"WebPage","@id":"https:\/\/mayr-fort-frei.it\/de\/team\/dott-siegfried-mayr\/#webpage","url":"https:\/\/mayr-fort-frei.it\/de\/team\/dott-siegfried-mayr\/","name":"Dott. Siegfried Mayr - Mayr Fort Frei - Studio Tributario Associato","isPartOf":{"@id":"https:\/\/mayr-fort-frei.it\/#website"},"datePublished":"2016-05-18T10:03:10+00:00","dateModified":"2016-06-06T11:39:33+00:00","breadcrumb":{"@id":"https:\/\/mayr-fort-frei.it\/de\/team\/dott-siegfried-mayr\/#breadcrumb"},"inLanguage":"de-DE","potentialAction":[{"@type":"ReadAction","target":["https:\/\/mayr-fort-frei.it\/de\/team\/dott-siegfried-mayr\/"]}]},{"@type":"BreadcrumbList","@id":"https:\/\/mayr-fort-frei.it\/de\/team\/dott-siegfried-mayr\/#breadcrumb","itemListElement":[{"@type":"ListItem","position":1,"name":"Home","item":"https:\/\/mayr-fort-frei.it\/de\/"},{"@type":"ListItem","position":2,"name":"Team","item":"https:\/\/mayr-fort-frei.it\/de\/team\/"},{"@type":"ListItem","position":3,"name":"Dott. Siegfried Mayr"}]}]}},"_links":{"self":[{"href":"https:\/\/mayr-fort-frei.it\/de\/wp-json\/wp\/v2\/pages\/5064"}],"collection":[{"href":"https:\/\/mayr-fort-frei.it\/de\/wp-json\/wp\/v2\/pages"}],"about":[{"href":"https:\/\/mayr-fort-frei.it\/de\/wp-json\/wp\/v2\/types\/page"}],"author":[{"embeddable":true,"href":"https:\/\/mayr-fort-frei.it\/de\/wp-json\/wp\/v2\/users\/1"}],"replies":[{"embeddable":true,"href":"https:\/\/mayr-fort-frei.it\/de\/wp-json\/wp\/v2\/comments?post=5064"}],"version-history":[{"count":3,"href":"https:\/\/mayr-fort-frei.it\/de\/wp-json\/wp\/v2\/pages\/5064\/revisions"}],"predecessor-version":[{"id":5423,"href":"https:\/\/mayr-fort-frei.it\/de\/wp-json\/wp\/v2\/pages\/5064\/revisions\/5423"}],"up":[{"embeddable":true,"href":"https:\/\/mayr-fort-frei.it\/de\/wp-json\/wp\/v2\/pages\/5192"}],"wp:attachment":[{"href":"https:\/\/mayr-fort-frei.it\/de\/wp-json\/wp\/v2\/media?parent=5064"}],"curies":[{"name":"wp","href":"https:\/\/api.w.org\/{rel}","templated":true}]}}

<p>[vc_row][vc_column width=&#8220;1/2&#8243;][vc_column_text]<br />
Gründer des Studio Mayr und der Sozietät MAYR FORT FREI.<br />
Vorher: Tax Manager bei Arthur Andersen Mailand.<br />
Wirtschaftsstudium an der Universität Padua und Studium der Rechtswissenschaften an der Staatlichen Universität Mailand.<br />
Im Verzeichnis der Steuerberater und Wirtschaftsprüfer von Mailand eingetragen.<br />
Früher: Dozent für Steuerrecht an den Universitäten Innsbruck und an der Università Cattolica Mailand sowie an der Wirtschafts- und Finanzhochschule «Ezio Vanoni» in Rom.<br />
Dozent für internationales Steuerrecht an der Scuola di Polizia Tributaria der «Guardia di Finanza» (Ostia).<br />
Dozent für Steuerrecht an verschiedenen Master-Kursen (Universität Bocconi, «Il Sole 24 Ore», SUPSI Lugano, Master in International Taxation an der Universität Hamburg).<br />
Publizist und Mitarbeiter bei steuerlichen Fachzeitschriften in Italien und im Ausland.<br />
Referent bei zahlreichen Konferenzen und Seminaren in Italien und im Ausland auf dem Gebiet des italienischen und internationalen Steuerrechts.<br />
National-Berichterstatter für Italien bei den IFA Kongressen 1982 in Berlin, 1985 in London, 1994 in Toronto und 2004 in Wien.</p>
<p>Sprachen: Italienisch, Deutsch, Englisch.<br />
[/vc_column_text]<br />
[/vc_column]<br />
[vc_column width=&#8220;1/2&#8243;]<br />
[vc_single_image image=&#8220;4745&#8243; border_color=&#8220;grey&#8220; img_link_target=&#8220;_self&#8220; img_size=&#8220;full&#8220;]<br />
[/vc_column][/vc_row]</p>

<p>[vc_row][vc_column width=&#8220;1/2&#8243;][vc_column_text] Gründer des Studio Mayr und der Sozietät MAYR FORT FREI. Vorher: Tax Manager bei Arthur Andersen Mailand. Wirtschaftsstudium an der Universität Padua und Studium der Rechtswissenschaften an der Staatlichen Universität Mailand. Im Verzeichnis der Steuerberater und Wirtschaftsprüfer von Mailand eingetragen. Früher: Dozent für Steuerrecht an den Universitäten Innsbruck und an der Università Cattolica [&hellip;]</p>

<!-- This site is optimized with the Yoast SEO plugin v17.9 - https://yoast.com/wordpress/plugins/seo/ -->
<title>Dott. Siegfried Mayr - Mayr Fort Frei - Studio Tributario Associato</title>
<meta name="robots" content="index, follow, max-snippet:-1, max-image-preview:large, max-video-preview:-1" />
<link rel="canonical" href="https://mayr-fort-frei.it/de/team/dott-siegfried-mayr/" />
<meta property="og:locale" content="de_DE" />
<meta property="og:type" content="article" />
<meta property="og:title" content="Dott. Siegfried Mayr - Mayr Fort Frei - Studio Tributario Associato" />
<meta property="og:description" content="[vc_row][vc_column width=&#8220;1/2&#8243;][vc_column_text] Gründer des Studio Mayr und der Sozietät MAYR FORT FREI. Vorher: Tax Manager bei Arthur Andersen Mailand. Wirtschaftsstudium an der Universität Padua und Studium der Rechtswissenschaften an der Staatlichen Universität Mailand. Im Verzeichnis der Steuerberater und Wirtschaftsprüfer von Mailand eingetragen. Früher: Dozent für Steuerrecht an den Universitäten Innsbruck und an der Università Cattolica [&hellip;]" />
<meta property="og:url" content="https://mayr-fort-frei.it/de/team/dott-siegfried-mayr/" />
<meta property="og:site_name" content="Mayr Fort Frei - Studio Tributario Associato" />
<meta property="article:modified_time" content="2016-06-06T11:39:33+00:00" />
<meta name="twitter:label1" content="Geschätzte Lesezeit" />
	<meta name="twitter:data1" content="1 Minute" />
<script type="application/ld+json" class="yoast-schema-graph">{"@context":"https://schema.org","@graph":[{"@type":"WebSite","@id":"https://mayr-fort-frei.it/#website","url":"https://mayr-fort-frei.it/","name":"Mayr Fort Frei - Studio Tributario Associato","description":"Studio Tributario Associato, consulenza ed assistenza in materia tributaria, contrattuale e societaria.","potentialAction":[{"@type":"SearchAction","target":{"@type":"EntryPoint","urlTemplate":"https://mayr-fort-frei.it/?s={search_term_string}"},"query-input":"required name=search_term_string"}],"inLanguage":"de-DE"},{"@type":"WebPage","@id":"https://mayr-fort-frei.it/de/team/dott-siegfried-mayr/#webpage","url":"https://mayr-fort-frei.it/de/team/dott-siegfried-mayr/","name":"Dott. Siegfried Mayr - Mayr Fort Frei - Studio Tributario Associato","isPartOf":{"@id":"https://mayr-fort-frei.it/#website"},"datePublished":"2016-05-18T10:03:10+00:00","dateModified":"2016-06-06T11:39:33+00:00","breadcrumb":{"@id":"https://mayr-fort-frei.it/de/team/dott-siegfried-mayr/#breadcrumb"},"inLanguage":"de-DE","potentialAction":[{"@type":"ReadAction","target":["https://mayr-fort-frei.it/de/team/dott-siegfried-mayr/"]}]},{"@type":"BreadcrumbList","@id":"https://mayr-fort-frei.it/de/team/dott-siegfried-mayr/#breadcrumb","itemListElement":[{"@type":"ListItem","position":1,"name":"Home","item":"https://mayr-fort-frei.it/de/"},{"@type":"ListItem","position":2,"name":"Team","item":"https://mayr-fort-frei.it/de/team/"},{"@type":"ListItem","position":3,"name":"Dott. Siegfried Mayr"}]}]}</script>
<!-- / Yoast SEO plugin. -->

[vc_row][vc_column width=&#8220;1/2&#8243;][vc_column_text] Gründer des Studio Mayr und der Sozietät MAYR FORT FREI. Vorher: Tax Manager bei Arthur Andersen Mailand. Wirtschaftsstudium an der Universität Padua und Studium der Rechtswissenschaften an der Staatlichen Universität Mailand. Im Verzeichnis der Steuerberater und Wirtschaftsprüfer von Mailand eingetragen. Früher: Dozent für Steuerrecht an den Universitäten Innsbruck und an der Università Cattolica [&hellip;]
