{"id":5079,"date":"2016-05-18T11:48:38","date_gmt":"2016-05-18T10:48:38","guid":{"rendered":"http:\/\/mayr-fort-frei.it\/de\/?page_id=5079"},"modified":"2016-06-10T14:41:37","modified_gmt":"2016-06-10T13:41:37","slug":"dott-vito-alexander-paciello","status":"publish","type":"page","link":"https:\/\/mayr-fort-frei.it\/de\/team\/dott-vito-alexander-paciello\/","title":{"rendered":"Dott. Vito Alexander Paciello"},"content":{"rendered":"<p>[vc_row][vc_column width=&#8220;1\/2&#8243;][vc_column_text]<br \/>\nAbschluss des Wirtschaftsstudiums an der Universit\u00e4t Salerno im Jahr 2003.<br \/>\nSpezialisierungsmaster an der Universit\u00e4t Bocconi Mailand.<br \/>\nEintragung im Verzeichnis der Steuerberater von Mailand und der Wirtschaftspr\u00fcfer seit 2011.<br \/>\nBis 2007 in der Mail\u00e4nder Gesch\u00e4ftsstelle von PriceWaterhouseCoopers als Wirtschaftspr\u00fcfer t\u00e4tig.<br \/>\nZusammenarbeit mit der Kanzlei seit 2007.<\/p>\n<p>Sprachen: Italienisch, Deutsch, Englisch.<br \/>\n[\/vc_column_text]<br \/>\n[\/vc_column]<br \/>\n[vc_column width=&#8220;1\/2&#8243;]<br \/>\n[vc_single_image image=&#8220;4749&#8243; border_color=&#8220;grey&#8220; img_link_target=&#8220;_self&#8220; img_size=&#8220;full&#8220;]<br \/>\n[\/vc_column][\/vc_row]<\/p>\n","protected":false},"excerpt":{"rendered":"<p>[vc_row][vc_column width=&#8220;1\/2&#8243;][vc_column_text] Abschluss des Wirtschaftsstudiums an der Universit\u00e4t Salerno im Jahr 2003. Spezialisierungsmaster an der Universit\u00e4t Bocconi Mailand. Eintragung im Verzeichnis der Steuerberater von Mailand und der Wirtschaftspr\u00fcfer seit 2011. Bis 2007 in der Mail\u00e4nder Gesch\u00e4ftsstelle von PriceWaterhouseCoopers als Wirtschaftspr\u00fcfer t\u00e4tig. Zusammenarbeit mit der Kanzlei seit 2007. Sprachen: Italienisch, Deutsch, Englisch. [\/vc_column_text] [\/vc_column] [vc_column width=&#8220;1\/2&#8243;] [&hellip;]<\/p>\n","protected":false},"author":1,"featured_media":0,"parent":5192,"menu_order":0,"comment_status":"open","ping_status":"open","template":"page-sidebar-right.php","meta":[],"yoast_head":"<!-- This site is optimized with the Yoast SEO plugin v17.9 - https:\/\/yoast.com\/wordpress\/plugins\/seo\/ -->\n<title>Dott. Vito Alexander Paciello - Mayr Fort Frei - Studio Tributario Associato<\/title>\n<meta name=\"robots\" content=\"index, follow, max-snippet:-1, max-image-preview:large, max-video-preview:-1\" \/>\n<link rel=\"canonical\" href=\"https:\/\/mayr-fort-frei.it\/de\/team\/dott-vito-alexander-paciello\/\" \/>\n<meta property=\"og:locale\" content=\"de_DE\" \/>\n<meta property=\"og:type\" content=\"article\" \/>\n<meta property=\"og:title\" content=\"Dott. Vito Alexander Paciello - Mayr Fort Frei - Studio Tributario Associato\" \/>\n<meta property=\"og:description\" content=\"[vc_row][vc_column width=&#8220;1\/2&#8243;][vc_column_text] Abschluss des Wirtschaftsstudiums an der Universit\u00e4t Salerno im Jahr 2003. Spezialisierungsmaster an der Universit\u00e4t Bocconi Mailand. Eintragung im Verzeichnis der Steuerberater von Mailand und der Wirtschaftspr\u00fcfer seit 2011. Bis 2007 in der Mail\u00e4nder Gesch\u00e4ftsstelle von PriceWaterhouseCoopers als Wirtschaftspr\u00fcfer t\u00e4tig. Zusammenarbeit mit der Kanzlei seit 2007. Sprachen: Italienisch, Deutsch, Englisch. [\/vc_column_text] [\/vc_column] [vc_column width=&#8220;1\/2&#8243;] [&hellip;]\" \/>\n<meta property=\"og:url\" content=\"https:\/\/mayr-fort-frei.it\/de\/team\/dott-vito-alexander-paciello\/\" \/>\n<meta property=\"og:site_name\" content=\"Mayr Fort Frei - Studio Tributario Associato\" \/>\n<meta property=\"article:modified_time\" content=\"2016-06-10T13:41:37+00:00\" \/>\n<script type=\"application\/ld+json\" class=\"yoast-schema-graph\">{\"@context\":\"https:\/\/schema.org\",\"@graph\":[{\"@type\":\"WebSite\",\"@id\":\"https:\/\/mayr-fort-frei.it\/#website\",\"url\":\"https:\/\/mayr-fort-frei.it\/\",\"name\":\"Mayr Fort Frei - Studio Tributario Associato\",\"description\":\"Studio Tributario Associato, consulenza ed assistenza in materia tributaria, contrattuale e societaria.\",\"potentialAction\":[{\"@type\":\"SearchAction\",\"target\":{\"@type\":\"EntryPoint\",\"urlTemplate\":\"https:\/\/mayr-fort-frei.it\/?s={search_term_string}\"},\"query-input\":\"required name=search_term_string\"}],\"inLanguage\":\"de-DE\"},{\"@type\":\"WebPage\",\"@id\":\"https:\/\/mayr-fort-frei.it\/de\/team\/dott-vito-alexander-paciello\/#webpage\",\"url\":\"https:\/\/mayr-fort-frei.it\/de\/team\/dott-vito-alexander-paciello\/\",\"name\":\"Dott. Vito Alexander Paciello - Mayr Fort Frei - Studio Tributario Associato\",\"isPartOf\":{\"@id\":\"https:\/\/mayr-fort-frei.it\/#website\"},\"datePublished\":\"2016-05-18T10:48:38+00:00\",\"dateModified\":\"2016-06-10T13:41:37+00:00\",\"breadcrumb\":{\"@id\":\"https:\/\/mayr-fort-frei.it\/de\/team\/dott-vito-alexander-paciello\/#breadcrumb\"},\"inLanguage\":\"de-DE\",\"potentialAction\":[{\"@type\":\"ReadAction\",\"target\":[\"https:\/\/mayr-fort-frei.it\/de\/team\/dott-vito-alexander-paciello\/\"]}]},{\"@type\":\"BreadcrumbList\",\"@id\":\"https:\/\/mayr-fort-frei.it\/de\/team\/dott-vito-alexander-paciello\/#breadcrumb\",\"itemListElement\":[{\"@type\":\"ListItem\",\"position\":1,\"name\":\"Home\",\"item\":\"https:\/\/mayr-fort-frei.it\/de\/\"},{\"@type\":\"ListItem\",\"position\":2,\"name\":\"Team\",\"item\":\"https:\/\/mayr-fort-frei.it\/de\/team\/\"},{\"@type\":\"ListItem\",\"position\":3,\"name\":\"Dott. Vito Alexander Paciello\"}]}]}<\/script>\n<!-- \/ Yoast SEO plugin. -->","yoast_head_json":{"title":"Dott. Vito Alexander Paciello - Mayr Fort Frei - Studio Tributario Associato","robots":{"index":"index","follow":"follow","max-snippet":"max-snippet:-1","max-image-preview":"max-image-preview:large","max-video-preview":"max-video-preview:-1"},"canonical":"https:\/\/mayr-fort-frei.it\/de\/team\/dott-vito-alexander-paciello\/","og_locale":"de_DE","og_type":"article","og_title":"Dott. Vito Alexander Paciello - Mayr Fort Frei - Studio Tributario Associato","og_description":"[vc_row][vc_column width=&#8220;1\/2&#8243;][vc_column_text] Abschluss des Wirtschaftsstudiums an der Universit\u00e4t Salerno im Jahr 2003. Spezialisierungsmaster an der Universit\u00e4t Bocconi Mailand. Eintragung im Verzeichnis der Steuerberater von Mailand und der Wirtschaftspr\u00fcfer seit 2011. Bis 2007 in der Mail\u00e4nder Gesch\u00e4ftsstelle von PriceWaterhouseCoopers als Wirtschaftspr\u00fcfer t\u00e4tig. Zusammenarbeit mit der Kanzlei seit 2007. Sprachen: Italienisch, Deutsch, Englisch. [\/vc_column_text] [\/vc_column] [vc_column width=&#8220;1\/2&#8243;] [&hellip;]","og_url":"https:\/\/mayr-fort-frei.it\/de\/team\/dott-vito-alexander-paciello\/","og_site_name":"Mayr Fort Frei - Studio Tributario Associato","article_modified_time":"2016-06-10T13:41:37+00:00","schema":{"@context":"https:\/\/schema.org","@graph":[{"@type":"WebSite","@id":"https:\/\/mayr-fort-frei.it\/#website","url":"https:\/\/mayr-fort-frei.it\/","name":"Mayr Fort Frei - Studio Tributario Associato","description":"Studio Tributario Associato, consulenza ed assistenza in materia tributaria, contrattuale e societaria.","potentialAction":[{"@type":"SearchAction","target":{"@type":"EntryPoint","urlTemplate":"https:\/\/mayr-fort-frei.it\/?s={search_term_string}"},"query-input":"required name=search_term_string"}],"inLanguage":"de-DE"},{"@type":"WebPage","@id":"https:\/\/mayr-fort-frei.it\/de\/team\/dott-vito-alexander-paciello\/#webpage","url":"https:\/\/mayr-fort-frei.it\/de\/team\/dott-vito-alexander-paciello\/","name":"Dott. Vito Alexander Paciello - Mayr Fort Frei - Studio Tributario Associato","isPartOf":{"@id":"https:\/\/mayr-fort-frei.it\/#website"},"datePublished":"2016-05-18T10:48:38+00:00","dateModified":"2016-06-10T13:41:37+00:00","breadcrumb":{"@id":"https:\/\/mayr-fort-frei.it\/de\/team\/dott-vito-alexander-paciello\/#breadcrumb"},"inLanguage":"de-DE","potentialAction":[{"@type":"ReadAction","target":["https:\/\/mayr-fort-frei.it\/de\/team\/dott-vito-alexander-paciello\/"]}]},{"@type":"BreadcrumbList","@id":"https:\/\/mayr-fort-frei.it\/de\/team\/dott-vito-alexander-paciello\/#breadcrumb","itemListElement":[{"@type":"ListItem","position":1,"name":"Home","item":"https:\/\/mayr-fort-frei.it\/de\/"},{"@type":"ListItem","position":2,"name":"Team","item":"https:\/\/mayr-fort-frei.it\/de\/team\/"},{"@type":"ListItem","position":3,"name":"Dott. Vito Alexander Paciello"}]}]}},"_links":{"self":[{"href":"https:\/\/mayr-fort-frei.it\/de\/wp-json\/wp\/v2\/pages\/5079"}],"collection":[{"href":"https:\/\/mayr-fort-frei.it\/de\/wp-json\/wp\/v2\/pages"}],"about":[{"href":"https:\/\/mayr-fort-frei.it\/de\/wp-json\/wp\/v2\/types\/page"}],"author":[{"embeddable":true,"href":"https:\/\/mayr-fort-frei.it\/de\/wp-json\/wp\/v2\/users\/1"}],"replies":[{"embeddable":true,"href":"https:\/\/mayr-fort-frei.it\/de\/wp-json\/wp\/v2\/comments?post=5079"}],"version-history":[{"count":4,"href":"https:\/\/mayr-fort-frei.it\/de\/wp-json\/wp\/v2\/pages\/5079\/revisions"}],"predecessor-version":[{"id":5499,"href":"https:\/\/mayr-fort-frei.it\/de\/wp-json\/wp\/v2\/pages\/5079\/revisions\/5499"}],"up":[{"embeddable":true,"href":"https:\/\/mayr-fort-frei.it\/de\/wp-json\/wp\/v2\/pages\/5192"}],"wp:attachment":[{"href":"https:\/\/mayr-fort-frei.it\/de\/wp-json\/wp\/v2\/media?parent=5079"}],"curies":[{"name":"wp","href":"https:\/\/api.w.org\/{rel}","templated":true}]}}

<p>[vc_row][vc_column width=&#8220;1/2&#8243;][vc_column_text]<br />
Abschluss des Wirtschaftsstudiums an der Universität Salerno im Jahr 2003.<br />
Spezialisierungsmaster an der Universität Bocconi Mailand.<br />
Eintragung im Verzeichnis der Steuerberater von Mailand und der Wirtschaftsprüfer seit 2011.<br />
Bis 2007 in der Mailänder Geschäftsstelle von PriceWaterhouseCoopers als Wirtschaftsprüfer tätig.<br />
Zusammenarbeit mit der Kanzlei seit 2007.</p>
<p>Sprachen: Italienisch, Deutsch, Englisch.<br />
[/vc_column_text]<br />
[/vc_column]<br />
[vc_column width=&#8220;1/2&#8243;]<br />
[vc_single_image image=&#8220;4749&#8243; border_color=&#8220;grey&#8220; img_link_target=&#8220;_self&#8220; img_size=&#8220;full&#8220;]<br />
[/vc_column][/vc_row]</p>

<p>[vc_row][vc_column width=&#8220;1/2&#8243;][vc_column_text] Abschluss des Wirtschaftsstudiums an der Universität Salerno im Jahr 2003. Spezialisierungsmaster an der Universität Bocconi Mailand. Eintragung im Verzeichnis der Steuerberater von Mailand und der Wirtschaftsprüfer seit 2011. Bis 2007 in der Mailänder Geschäftsstelle von PriceWaterhouseCoopers als Wirtschaftsprüfer tätig. Zusammenarbeit mit der Kanzlei seit 2007. Sprachen: Italienisch, Deutsch, Englisch. [/vc_column_text] [/vc_column] [vc_column width=&#8220;1/2&#8243;] [&hellip;]</p>

<!-- This site is optimized with the Yoast SEO plugin v17.9 - https://yoast.com/wordpress/plugins/seo/ -->
<title>Dott. Vito Alexander Paciello - Mayr Fort Frei - Studio Tributario Associato</title>
<meta name="robots" content="index, follow, max-snippet:-1, max-image-preview:large, max-video-preview:-1" />
<link rel="canonical" href="https://mayr-fort-frei.it/de/team/dott-vito-alexander-paciello/" />
<meta property="og:locale" content="de_DE" />
<meta property="og:type" content="article" />
<meta property="og:title" content="Dott. Vito Alexander Paciello - Mayr Fort Frei - Studio Tributario Associato" />
<meta property="og:description" content="[vc_row][vc_column width=&#8220;1/2&#8243;][vc_column_text] Abschluss des Wirtschaftsstudiums an der Universität Salerno im Jahr 2003. Spezialisierungsmaster an der Universität Bocconi Mailand. Eintragung im Verzeichnis der Steuerberater von Mailand und der Wirtschaftsprüfer seit 2011. Bis 2007 in der Mailänder Geschäftsstelle von PriceWaterhouseCoopers als Wirtschaftsprüfer tätig. Zusammenarbeit mit der Kanzlei seit 2007. Sprachen: Italienisch, Deutsch, Englisch. [/vc_column_text] [/vc_column] [vc_column width=&#8220;1/2&#8243;] [&hellip;]" />
<meta property="og:url" content="https://mayr-fort-frei.it/de/team/dott-vito-alexander-paciello/" />
<meta property="og:site_name" content="Mayr Fort Frei - Studio Tributario Associato" />
<meta property="article:modified_time" content="2016-06-10T13:41:37+00:00" />
<script type="application/ld+json" class="yoast-schema-graph">{"@context":"https://schema.org","@graph":[{"@type":"WebSite","@id":"https://mayr-fort-frei.it/#website","url":"https://mayr-fort-frei.it/","name":"Mayr Fort Frei - Studio Tributario Associato","description":"Studio Tributario Associato, consulenza ed assistenza in materia tributaria, contrattuale e societaria.","potentialAction":[{"@type":"SearchAction","target":{"@type":"EntryPoint","urlTemplate":"https://mayr-fort-frei.it/?s={search_term_string}"},"query-input":"required name=search_term_string"}],"inLanguage":"de-DE"},{"@type":"WebPage","@id":"https://mayr-fort-frei.it/de/team/dott-vito-alexander-paciello/#webpage","url":"https://mayr-fort-frei.it/de/team/dott-vito-alexander-paciello/","name":"Dott. Vito Alexander Paciello - Mayr Fort Frei - Studio Tributario Associato","isPartOf":{"@id":"https://mayr-fort-frei.it/#website"},"datePublished":"2016-05-18T10:48:38+00:00","dateModified":"2016-06-10T13:41:37+00:00","breadcrumb":{"@id":"https://mayr-fort-frei.it/de/team/dott-vito-alexander-paciello/#breadcrumb"},"inLanguage":"de-DE","potentialAction":[{"@type":"ReadAction","target":["https://mayr-fort-frei.it/de/team/dott-vito-alexander-paciello/"]}]},{"@type":"BreadcrumbList","@id":"https://mayr-fort-frei.it/de/team/dott-vito-alexander-paciello/#breadcrumb","itemListElement":[{"@type":"ListItem","position":1,"name":"Home","item":"https://mayr-fort-frei.it/de/"},{"@type":"ListItem","position":2,"name":"Team","item":"https://mayr-fort-frei.it/de/team/"},{"@type":"ListItem","position":3,"name":"Dott. Vito Alexander Paciello"}]}]}</script>
<!-- / Yoast SEO plugin. -->

[vc_row][vc_column width=&#8220;1/2&#8243;][vc_column_text] Abschluss des Wirtschaftsstudiums an der Universität Salerno im Jahr 2003. Spezialisierungsmaster an der Universität Bocconi Mailand. Eintragung im Verzeichnis der Steuerberater von Mailand und der Wirtschaftsprüfer seit 2011. Bis 2007 in der Mailänder Geschäftsstelle von PriceWaterhouseCoopers als Wirtschaftsprüfer tätig. Zusammenarbeit mit der Kanzlei seit 2007. Sprachen: Italienisch, Deutsch, Englisch. [/vc_column_text] [/vc_column] [vc_column width=&#8220;1/2&#8243;] [&hellip;]
