{"id":5091,"date":"2016-05-18T12:08:23","date_gmt":"2016-05-18T11:08:23","guid":{"rendered":"http:\/\/mayr-fort-frei.it\/de\/?page_id=5091"},"modified":"2019-11-11T13:23:00","modified_gmt":"2019-11-11T12:23:00","slug":"dott-matteo-seppi","status":"publish","type":"page","link":"https:\/\/mayr-fort-frei.it\/de\/team\/dott-matteo-seppi\/","title":{"rendered":"Dott. Matteo Seppi"},"content":{"rendered":"<p>[vc_row][vc_column width=&#8220;1\/2&#8243;][vc_column_text]Wirtschafts- und Unternehmensrechtsstudium an der Universit\u00e4t Bocconi Mailand. Eintragung im Verzeichnis der Steuerberater von Mailand und der Wirtschaftspr\u00fcfer seit 2012. Bis 2011 in einer erstrangigen italienischen Steuerberatungskanzlei in Mailand t\u00e4tig.<br \/>\nZusammenarbeit mit der Kanzlei seit September 2011. <\/p>\n<p>Sprachen: Italienisch, Deutsch, Englisch.[\/vc_column_text][\/vc_column][vc_column width=&#8220;1\/2&#8243;][vc_single_image image=&#8220;5839&#8243; img_size=&#8220;full&#8220;][\/vc_column][\/vc_row]<\/p>\n","protected":false},"excerpt":{"rendered":"<p>[vc_row][vc_column width=&#8220;1\/2&#8243;][vc_column_text]Wirtschafts- und Unternehmensrechtsstudium an der Universit\u00e4t Bocconi Mailand. Eintragung im Verzeichnis der Steuerberater von Mailand und der Wirtschaftspr\u00fcfer seit 2012. Bis 2011 in einer erstrangigen italienischen Steuerberatungskanzlei in Mailand t\u00e4tig. Zusammenarbeit mit der Kanzlei seit September 2011. Sprachen: Italienisch, Deutsch, Englisch.[\/vc_column_text][\/vc_column][vc_column width=&#8220;1\/2&#8243;][vc_single_image image=&#8220;5839&#8243; img_size=&#8220;full&#8220;][\/vc_column][\/vc_row]<\/p>\n","protected":false},"author":1,"featured_media":0,"parent":5192,"menu_order":0,"comment_status":"open","ping_status":"open","template":"page-sidebar-right.php","meta":[],"yoast_head":"<!-- This site is optimized with the Yoast SEO plugin v17.9 - https:\/\/yoast.com\/wordpress\/plugins\/seo\/ -->\n<title>Dott. Matteo Seppi - Mayr Fort Frei - Studio Tributario Associato<\/title>\n<meta name=\"robots\" content=\"index, follow, max-snippet:-1, max-image-preview:large, max-video-preview:-1\" \/>\n<link rel=\"canonical\" href=\"https:\/\/mayr-fort-frei.it\/de\/team\/dott-matteo-seppi\/\" \/>\n<meta property=\"og:locale\" content=\"de_DE\" \/>\n<meta property=\"og:type\" content=\"article\" \/>\n<meta property=\"og:title\" content=\"Dott. Matteo Seppi - Mayr Fort Frei - Studio Tributario Associato\" \/>\n<meta property=\"og:description\" content=\"[vc_row][vc_column width=&#8220;1\/2&#8243;][vc_column_text]Wirtschafts- und Unternehmensrechtsstudium an der Universit\u00e4t Bocconi Mailand. Eintragung im Verzeichnis der Steuerberater von Mailand und der Wirtschaftspr\u00fcfer seit 2012. Bis 2011 in einer erstrangigen italienischen Steuerberatungskanzlei in Mailand t\u00e4tig. Zusammenarbeit mit der Kanzlei seit September 2011. Sprachen: Italienisch, Deutsch, Englisch.[\/vc_column_text][\/vc_column][vc_column width=&#8220;1\/2&#8243;][vc_single_image image=&#8220;5839&#8243; img_size=&#8220;full&#8220;][\/vc_column][\/vc_row]\" \/>\n<meta property=\"og:url\" content=\"https:\/\/mayr-fort-frei.it\/de\/team\/dott-matteo-seppi\/\" \/>\n<meta property=\"og:site_name\" content=\"Mayr Fort Frei - Studio Tributario Associato\" \/>\n<meta property=\"article:modified_time\" content=\"2019-11-11T12:23:00+00:00\" \/>\n<script type=\"application\/ld+json\" class=\"yoast-schema-graph\">{\"@context\":\"https:\/\/schema.org\",\"@graph\":[{\"@type\":\"WebSite\",\"@id\":\"https:\/\/mayr-fort-frei.it\/#website\",\"url\":\"https:\/\/mayr-fort-frei.it\/\",\"name\":\"Mayr Fort Frei - Studio Tributario Associato\",\"description\":\"Studio Tributario Associato, consulenza ed assistenza in materia tributaria, contrattuale e societaria.\",\"potentialAction\":[{\"@type\":\"SearchAction\",\"target\":{\"@type\":\"EntryPoint\",\"urlTemplate\":\"https:\/\/mayr-fort-frei.it\/?s={search_term_string}\"},\"query-input\":\"required name=search_term_string\"}],\"inLanguage\":\"de-DE\"},{\"@type\":\"WebPage\",\"@id\":\"https:\/\/mayr-fort-frei.it\/de\/team\/dott-matteo-seppi\/#webpage\",\"url\":\"https:\/\/mayr-fort-frei.it\/de\/team\/dott-matteo-seppi\/\",\"name\":\"Dott. Matteo Seppi - Mayr Fort Frei - Studio Tributario Associato\",\"isPartOf\":{\"@id\":\"https:\/\/mayr-fort-frei.it\/#website\"},\"datePublished\":\"2016-05-18T11:08:23+00:00\",\"dateModified\":\"2019-11-11T12:23:00+00:00\",\"breadcrumb\":{\"@id\":\"https:\/\/mayr-fort-frei.it\/de\/team\/dott-matteo-seppi\/#breadcrumb\"},\"inLanguage\":\"de-DE\",\"potentialAction\":[{\"@type\":\"ReadAction\",\"target\":[\"https:\/\/mayr-fort-frei.it\/de\/team\/dott-matteo-seppi\/\"]}]},{\"@type\":\"BreadcrumbList\",\"@id\":\"https:\/\/mayr-fort-frei.it\/de\/team\/dott-matteo-seppi\/#breadcrumb\",\"itemListElement\":[{\"@type\":\"ListItem\",\"position\":1,\"name\":\"Home\",\"item\":\"https:\/\/mayr-fort-frei.it\/de\/\"},{\"@type\":\"ListItem\",\"position\":2,\"name\":\"Team\",\"item\":\"https:\/\/mayr-fort-frei.it\/de\/team\/\"},{\"@type\":\"ListItem\",\"position\":3,\"name\":\"Dott. Matteo Seppi\"}]}]}<\/script>\n<!-- \/ Yoast SEO plugin. -->","yoast_head_json":{"title":"Dott. Matteo Seppi - Mayr Fort Frei - Studio Tributario Associato","robots":{"index":"index","follow":"follow","max-snippet":"max-snippet:-1","max-image-preview":"max-image-preview:large","max-video-preview":"max-video-preview:-1"},"canonical":"https:\/\/mayr-fort-frei.it\/de\/team\/dott-matteo-seppi\/","og_locale":"de_DE","og_type":"article","og_title":"Dott. Matteo Seppi - Mayr Fort Frei - Studio Tributario Associato","og_description":"[vc_row][vc_column width=&#8220;1\/2&#8243;][vc_column_text]Wirtschafts- und Unternehmensrechtsstudium an der Universit\u00e4t Bocconi Mailand. Eintragung im Verzeichnis der Steuerberater von Mailand und der Wirtschaftspr\u00fcfer seit 2012. Bis 2011 in einer erstrangigen italienischen Steuerberatungskanzlei in Mailand t\u00e4tig. Zusammenarbeit mit der Kanzlei seit September 2011. Sprachen: Italienisch, Deutsch, Englisch.[\/vc_column_text][\/vc_column][vc_column width=&#8220;1\/2&#8243;][vc_single_image image=&#8220;5839&#8243; img_size=&#8220;full&#8220;][\/vc_column][\/vc_row]","og_url":"https:\/\/mayr-fort-frei.it\/de\/team\/dott-matteo-seppi\/","og_site_name":"Mayr Fort Frei - Studio Tributario Associato","article_modified_time":"2019-11-11T12:23:00+00:00","schema":{"@context":"https:\/\/schema.org","@graph":[{"@type":"WebSite","@id":"https:\/\/mayr-fort-frei.it\/#website","url":"https:\/\/mayr-fort-frei.it\/","name":"Mayr Fort Frei - Studio Tributario Associato","description":"Studio Tributario Associato, consulenza ed assistenza in materia tributaria, contrattuale e societaria.","potentialAction":[{"@type":"SearchAction","target":{"@type":"EntryPoint","urlTemplate":"https:\/\/mayr-fort-frei.it\/?s={search_term_string}"},"query-input":"required name=search_term_string"}],"inLanguage":"de-DE"},{"@type":"WebPage","@id":"https:\/\/mayr-fort-frei.it\/de\/team\/dott-matteo-seppi\/#webpage","url":"https:\/\/mayr-fort-frei.it\/de\/team\/dott-matteo-seppi\/","name":"Dott. Matteo Seppi - Mayr Fort Frei - Studio Tributario Associato","isPartOf":{"@id":"https:\/\/mayr-fort-frei.it\/#website"},"datePublished":"2016-05-18T11:08:23+00:00","dateModified":"2019-11-11T12:23:00+00:00","breadcrumb":{"@id":"https:\/\/mayr-fort-frei.it\/de\/team\/dott-matteo-seppi\/#breadcrumb"},"inLanguage":"de-DE","potentialAction":[{"@type":"ReadAction","target":["https:\/\/mayr-fort-frei.it\/de\/team\/dott-matteo-seppi\/"]}]},{"@type":"BreadcrumbList","@id":"https:\/\/mayr-fort-frei.it\/de\/team\/dott-matteo-seppi\/#breadcrumb","itemListElement":[{"@type":"ListItem","position":1,"name":"Home","item":"https:\/\/mayr-fort-frei.it\/de\/"},{"@type":"ListItem","position":2,"name":"Team","item":"https:\/\/mayr-fort-frei.it\/de\/team\/"},{"@type":"ListItem","position":3,"name":"Dott. Matteo Seppi"}]}]}},"_links":{"self":[{"href":"https:\/\/mayr-fort-frei.it\/de\/wp-json\/wp\/v2\/pages\/5091"}],"collection":[{"href":"https:\/\/mayr-fort-frei.it\/de\/wp-json\/wp\/v2\/pages"}],"about":[{"href":"https:\/\/mayr-fort-frei.it\/de\/wp-json\/wp\/v2\/types\/page"}],"author":[{"embeddable":true,"href":"https:\/\/mayr-fort-frei.it\/de\/wp-json\/wp\/v2\/users\/1"}],"replies":[{"embeddable":true,"href":"https:\/\/mayr-fort-frei.it\/de\/wp-json\/wp\/v2\/comments?post=5091"}],"version-history":[{"count":6,"href":"https:\/\/mayr-fort-frei.it\/de\/wp-json\/wp\/v2\/pages\/5091\/revisions"}],"predecessor-version":[{"id":5842,"href":"https:\/\/mayr-fort-frei.it\/de\/wp-json\/wp\/v2\/pages\/5091\/revisions\/5842"}],"up":[{"embeddable":true,"href":"https:\/\/mayr-fort-frei.it\/de\/wp-json\/wp\/v2\/pages\/5192"}],"wp:attachment":[{"href":"https:\/\/mayr-fort-frei.it\/de\/wp-json\/wp\/v2\/media?parent=5091"}],"curies":[{"name":"wp","href":"https:\/\/api.w.org\/{rel}","templated":true}]}}

<p>[vc_row][vc_column width=&#8220;1/2&#8243;][vc_column_text]Wirtschafts- und Unternehmensrechtsstudium an der Universität Bocconi Mailand. Eintragung im Verzeichnis der Steuerberater von Mailand und der Wirtschaftsprüfer seit 2012. Bis 2011 in einer erstrangigen italienischen Steuerberatungskanzlei in Mailand tätig.<br />
Zusammenarbeit mit der Kanzlei seit September 2011. </p>
<p>Sprachen: Italienisch, Deutsch, Englisch.[/vc_column_text][/vc_column][vc_column width=&#8220;1/2&#8243;][vc_single_image image=&#8220;5839&#8243; img_size=&#8220;full&#8220;][/vc_column][/vc_row]</p>

<p>[vc_row][vc_column width=&#8220;1/2&#8243;][vc_column_text]Wirtschafts- und Unternehmensrechtsstudium an der Universität Bocconi Mailand. Eintragung im Verzeichnis der Steuerberater von Mailand und der Wirtschaftsprüfer seit 2012. Bis 2011 in einer erstrangigen italienischen Steuerberatungskanzlei in Mailand tätig. Zusammenarbeit mit der Kanzlei seit September 2011. Sprachen: Italienisch, Deutsch, Englisch.[/vc_column_text][/vc_column][vc_column width=&#8220;1/2&#8243;][vc_single_image image=&#8220;5839&#8243; img_size=&#8220;full&#8220;][/vc_column][/vc_row]</p>

<!-- This site is optimized with the Yoast SEO plugin v17.9 - https://yoast.com/wordpress/plugins/seo/ -->
<title>Dott. Matteo Seppi - Mayr Fort Frei - Studio Tributario Associato</title>
<meta name="robots" content="index, follow, max-snippet:-1, max-image-preview:large, max-video-preview:-1" />
<link rel="canonical" href="https://mayr-fort-frei.it/de/team/dott-matteo-seppi/" />
<meta property="og:locale" content="de_DE" />
<meta property="og:type" content="article" />
<meta property="og:title" content="Dott. Matteo Seppi - Mayr Fort Frei - Studio Tributario Associato" />
<meta property="og:description" content="[vc_row][vc_column width=&#8220;1/2&#8243;][vc_column_text]Wirtschafts- und Unternehmensrechtsstudium an der Universität Bocconi Mailand. Eintragung im Verzeichnis der Steuerberater von Mailand und der Wirtschaftsprüfer seit 2012. Bis 2011 in einer erstrangigen italienischen Steuerberatungskanzlei in Mailand tätig. Zusammenarbeit mit der Kanzlei seit September 2011. Sprachen: Italienisch, Deutsch, Englisch.[/vc_column_text][/vc_column][vc_column width=&#8220;1/2&#8243;][vc_single_image image=&#8220;5839&#8243; img_size=&#8220;full&#8220;][/vc_column][/vc_row]" />
<meta property="og:url" content="https://mayr-fort-frei.it/de/team/dott-matteo-seppi/" />
<meta property="og:site_name" content="Mayr Fort Frei - Studio Tributario Associato" />
<meta property="article:modified_time" content="2019-11-11T12:23:00+00:00" />
<script type="application/ld+json" class="yoast-schema-graph">{"@context":"https://schema.org","@graph":[{"@type":"WebSite","@id":"https://mayr-fort-frei.it/#website","url":"https://mayr-fort-frei.it/","name":"Mayr Fort Frei - Studio Tributario Associato","description":"Studio Tributario Associato, consulenza ed assistenza in materia tributaria, contrattuale e societaria.","potentialAction":[{"@type":"SearchAction","target":{"@type":"EntryPoint","urlTemplate":"https://mayr-fort-frei.it/?s={search_term_string}"},"query-input":"required name=search_term_string"}],"inLanguage":"de-DE"},{"@type":"WebPage","@id":"https://mayr-fort-frei.it/de/team/dott-matteo-seppi/#webpage","url":"https://mayr-fort-frei.it/de/team/dott-matteo-seppi/","name":"Dott. Matteo Seppi - Mayr Fort Frei - Studio Tributario Associato","isPartOf":{"@id":"https://mayr-fort-frei.it/#website"},"datePublished":"2016-05-18T11:08:23+00:00","dateModified":"2019-11-11T12:23:00+00:00","breadcrumb":{"@id":"https://mayr-fort-frei.it/de/team/dott-matteo-seppi/#breadcrumb"},"inLanguage":"de-DE","potentialAction":[{"@type":"ReadAction","target":["https://mayr-fort-frei.it/de/team/dott-matteo-seppi/"]}]},{"@type":"BreadcrumbList","@id":"https://mayr-fort-frei.it/de/team/dott-matteo-seppi/#breadcrumb","itemListElement":[{"@type":"ListItem","position":1,"name":"Home","item":"https://mayr-fort-frei.it/de/"},{"@type":"ListItem","position":2,"name":"Team","item":"https://mayr-fort-frei.it/de/team/"},{"@type":"ListItem","position":3,"name":"Dott. Matteo Seppi"}]}]}</script>
<!-- / Yoast SEO plugin. -->

[vc_row][vc_column width=&#8220;1/2&#8243;][vc_column_text]Wirtschafts- und Unternehmensrechtsstudium an der Universität Bocconi Mailand. Eintragung im Verzeichnis der Steuerberater von Mailand und der Wirtschaftsprüfer seit 2012. Bis 2011 in einer erstrangigen italienischen Steuerberatungskanzlei in Mailand tätig. Zusammenarbeit mit der Kanzlei seit September 2011. Sprachen: Italienisch, Deutsch, Englisch.[/vc_column_text][/vc_column][vc_column width=&#8220;1/2&#8243;][vc_single_image image=&#8220;5839&#8243; img_size=&#8220;full&#8220;][/vc_column][/vc_row]
