{"id":5180,"date":"2016-05-23T17:16:47","date_gmt":"2016-05-23T16:16:47","guid":{"rendered":"http:\/\/mayr-fort-frei.it\/de\/?page_id=5180"},"modified":"2016-05-24T16:47:10","modified_gmt":"2016-05-24T15:47:10","slug":"die-kanzlei","status":"publish","type":"page","link":"https:\/\/mayr-fort-frei.it\/de\/die-kanzlei\/","title":{"rendered":"Die Kanzlei"},"content":{"rendered":"<p style=\"text-align: justify;\">[vc_row][vc_column width=&#8220;1\/2&#8243;][vc_column_text]Die Soziet\u00e4t ber\u00e4t in allen Fragen der nationalen und internationalen Besteuerung, auch mit Unterst\u00fctzung eines weiten Netzwerks von Korrespondenten in allen wichtigen L\u00e4ndern (EU und au\u00dferhalb).<br \/>\nDie Kanzlei \u00fcbernimmt die Assistenz und Vertretung der Steuerpflichtigen gegen\u00fcber der Finanzverwaltung und gegen\u00fcber den Steuergerichten.<\/p>\n<p style=\"text-align: justify;\">Die laufende Fortbildung in Bezug auf die Entwicklungen im nationalen und internationalen Steuerrecht sowie die h\u00e4ufige Referentent\u00e4tigkeit der Partner bei Fachtagungen und die Ver\u00f6ffentlichung von zahlreichen Artikeln in italienischen und ausl\u00e4ndischen Fachzeitschriften garantieren eine hohe Qualit\u00e4t der Beratung und eine umfassende und sorgf\u00e4ltige Bewertung aller steuerlich relevanten Tatbest\u00e4nde. Die Beratung erfolgt in italienischer, deutscher oder englischer Sprache.<\/p>\n<p style=\"text-align: justify;\">[\/vc_column_text][\/vc_column][vc_column width=&#8220;1\/2&#8243;][vc_column_text]<img loading=\"lazy\" class=\"alignleft size-full wp-image-4859\" src=\"http:\/\/mayr-fort-frei.it\/wp-content\/uploads\/2015\/02\/studio.jpg\" alt=\"studio\" width=\"1000\" height=\"667\" srcset=\"https:\/\/mayr-fort-frei.it\/wp-content\/uploads\/2015\/02\/studio.jpg 1000w, https:\/\/mayr-fort-frei.it\/wp-content\/uploads\/2015\/02\/studio-150x100.jpg 150w, https:\/\/mayr-fort-frei.it\/wp-content\/uploads\/2015\/02\/studio-300x200.jpg 300w, https:\/\/mayr-fort-frei.it\/wp-content\/uploads\/2015\/02\/studio-600x400.jpg 600w\" sizes=\"(max-width: 1000px) 100vw, 1000px\" \/>[\/vc_column_text][\/vc_column][\/vc_row]<\/p>\n","protected":false},"excerpt":{"rendered":"<p>[vc_row][vc_column width=&#8220;1\/2&#8243;][vc_column_text]Die Soziet\u00e4t ber\u00e4t in allen Fragen der nationalen und internationalen Besteuerung, auch mit Unterst\u00fctzung eines weiten Netzwerks von Korrespondenten in allen wichtigen L\u00e4ndern (EU und au\u00dferhalb). Die Kanzlei \u00fcbernimmt die Assistenz und Vertretung der Steuerpflichtigen gegen\u00fcber der Finanzverwaltung und gegen\u00fcber den Steuergerichten. Die laufende Fortbildung in Bezug auf die Entwicklungen im nationalen und internationalen [&hellip;]<\/p>\n","protected":false},"author":1,"featured_media":0,"parent":0,"menu_order":5,"comment_status":"open","ping_status":"open","template":"","meta":[],"yoast_head":"<!-- This site is optimized with the Yoast SEO plugin v17.9 - https:\/\/yoast.com\/wordpress\/plugins\/seo\/ -->\n<title>Die Kanzlei - Mayr Fort Frei - Studio Tributario Associato<\/title>\n<meta name=\"robots\" content=\"index, follow, max-snippet:-1, max-image-preview:large, max-video-preview:-1\" \/>\n<link rel=\"canonical\" href=\"https:\/\/mayr-fort-frei.it\/de\/die-kanzlei\/\" \/>\n<meta property=\"og:locale\" content=\"de_DE\" \/>\n<meta property=\"og:type\" content=\"article\" \/>\n<meta property=\"og:title\" content=\"Die Kanzlei - Mayr Fort Frei - Studio Tributario Associato\" \/>\n<meta property=\"og:description\" content=\"[vc_row][vc_column width=&#8220;1\/2&#8243;][vc_column_text]Die Soziet\u00e4t ber\u00e4t in allen Fragen der nationalen und internationalen Besteuerung, auch mit Unterst\u00fctzung eines weiten Netzwerks von Korrespondenten in allen wichtigen L\u00e4ndern (EU und au\u00dferhalb). Die Kanzlei \u00fcbernimmt die Assistenz und Vertretung der Steuerpflichtigen gegen\u00fcber der Finanzverwaltung und gegen\u00fcber den Steuergerichten. Die laufende Fortbildung in Bezug auf die Entwicklungen im nationalen und internationalen [&hellip;]\" \/>\n<meta property=\"og:url\" content=\"https:\/\/mayr-fort-frei.it\/de\/die-kanzlei\/\" \/>\n<meta property=\"og:site_name\" content=\"Mayr Fort Frei - Studio Tributario Associato\" \/>\n<meta property=\"article:modified_time\" content=\"2016-05-24T15:47:10+00:00\" \/>\n<meta property=\"og:image\" content=\"http:\/\/mayr-fort-frei.it\/wp-content\/uploads\/2015\/02\/studio.jpg\" \/>\n<meta name=\"twitter:label1\" content=\"Gesch\u00e4tzte Lesezeit\" \/>\n\t<meta name=\"twitter:data1\" content=\"1 Minute\" \/>\n<script type=\"application\/ld+json\" class=\"yoast-schema-graph\">{\"@context\":\"https:\/\/schema.org\",\"@graph\":[{\"@type\":\"WebSite\",\"@id\":\"https:\/\/mayr-fort-frei.it\/#website\",\"url\":\"https:\/\/mayr-fort-frei.it\/\",\"name\":\"Mayr Fort Frei - Studio Tributario Associato\",\"description\":\"Studio Tributario Associato, consulenza ed assistenza in materia tributaria, contrattuale e societaria.\",\"potentialAction\":[{\"@type\":\"SearchAction\",\"target\":{\"@type\":\"EntryPoint\",\"urlTemplate\":\"https:\/\/mayr-fort-frei.it\/?s={search_term_string}\"},\"query-input\":\"required name=search_term_string\"}],\"inLanguage\":\"de-DE\"},{\"@type\":\"ImageObject\",\"@id\":\"https:\/\/mayr-fort-frei.it\/de\/die-kanzlei\/#primaryimage\",\"inLanguage\":\"de-DE\",\"url\":\"http:\/\/mayr-fort-frei.it\/wp-content\/uploads\/2015\/02\/studio.jpg\",\"contentUrl\":\"http:\/\/mayr-fort-frei.it\/wp-content\/uploads\/2015\/02\/studio.jpg\"},{\"@type\":\"WebPage\",\"@id\":\"https:\/\/mayr-fort-frei.it\/de\/die-kanzlei\/#webpage\",\"url\":\"https:\/\/mayr-fort-frei.it\/de\/die-kanzlei\/\",\"name\":\"Die Kanzlei - Mayr Fort Frei - Studio Tributario Associato\",\"isPartOf\":{\"@id\":\"https:\/\/mayr-fort-frei.it\/#website\"},\"primaryImageOfPage\":{\"@id\":\"https:\/\/mayr-fort-frei.it\/de\/die-kanzlei\/#primaryimage\"},\"datePublished\":\"2016-05-23T16:16:47+00:00\",\"dateModified\":\"2016-05-24T15:47:10+00:00\",\"breadcrumb\":{\"@id\":\"https:\/\/mayr-fort-frei.it\/de\/die-kanzlei\/#breadcrumb\"},\"inLanguage\":\"de-DE\",\"potentialAction\":[{\"@type\":\"ReadAction\",\"target\":[\"https:\/\/mayr-fort-frei.it\/de\/die-kanzlei\/\"]}]},{\"@type\":\"BreadcrumbList\",\"@id\":\"https:\/\/mayr-fort-frei.it\/de\/die-kanzlei\/#breadcrumb\",\"itemListElement\":[{\"@type\":\"ListItem\",\"position\":1,\"name\":\"Home\",\"item\":\"https:\/\/mayr-fort-frei.it\/de\/\"},{\"@type\":\"ListItem\",\"position\":2,\"name\":\"Die Kanzlei\"}]}]}<\/script>\n<!-- \/ Yoast SEO plugin. -->","yoast_head_json":{"title":"Die Kanzlei - Mayr Fort Frei - Studio Tributario Associato","robots":{"index":"index","follow":"follow","max-snippet":"max-snippet:-1","max-image-preview":"max-image-preview:large","max-video-preview":"max-video-preview:-1"},"canonical":"https:\/\/mayr-fort-frei.it\/de\/die-kanzlei\/","og_locale":"de_DE","og_type":"article","og_title":"Die Kanzlei - Mayr Fort Frei - Studio Tributario Associato","og_description":"[vc_row][vc_column width=&#8220;1\/2&#8243;][vc_column_text]Die Soziet\u00e4t ber\u00e4t in allen Fragen der nationalen und internationalen Besteuerung, auch mit Unterst\u00fctzung eines weiten Netzwerks von Korrespondenten in allen wichtigen L\u00e4ndern (EU und au\u00dferhalb). Die Kanzlei \u00fcbernimmt die Assistenz und Vertretung der Steuerpflichtigen gegen\u00fcber der Finanzverwaltung und gegen\u00fcber den Steuergerichten. Die laufende Fortbildung in Bezug auf die Entwicklungen im nationalen und internationalen [&hellip;]","og_url":"https:\/\/mayr-fort-frei.it\/de\/die-kanzlei\/","og_site_name":"Mayr Fort Frei - Studio Tributario Associato","article_modified_time":"2016-05-24T15:47:10+00:00","og_image":[{"url":"http:\/\/mayr-fort-frei.it\/wp-content\/uploads\/2015\/02\/studio.jpg"}],"twitter_misc":{"Gesch\u00e4tzte Lesezeit":"1 Minute"},"schema":{"@context":"https:\/\/schema.org","@graph":[{"@type":"WebSite","@id":"https:\/\/mayr-fort-frei.it\/#website","url":"https:\/\/mayr-fort-frei.it\/","name":"Mayr Fort Frei - Studio Tributario Associato","description":"Studio Tributario Associato, consulenza ed assistenza in materia tributaria, contrattuale e societaria.","potentialAction":[{"@type":"SearchAction","target":{"@type":"EntryPoint","urlTemplate":"https:\/\/mayr-fort-frei.it\/?s={search_term_string}"},"query-input":"required name=search_term_string"}],"inLanguage":"de-DE"},{"@type":"ImageObject","@id":"https:\/\/mayr-fort-frei.it\/de\/die-kanzlei\/#primaryimage","inLanguage":"de-DE","url":"http:\/\/mayr-fort-frei.it\/wp-content\/uploads\/2015\/02\/studio.jpg","contentUrl":"http:\/\/mayr-fort-frei.it\/wp-content\/uploads\/2015\/02\/studio.jpg"},{"@type":"WebPage","@id":"https:\/\/mayr-fort-frei.it\/de\/die-kanzlei\/#webpage","url":"https:\/\/mayr-fort-frei.it\/de\/die-kanzlei\/","name":"Die Kanzlei - Mayr Fort Frei - Studio Tributario Associato","isPartOf":{"@id":"https:\/\/mayr-fort-frei.it\/#website"},"primaryImageOfPage":{"@id":"https:\/\/mayr-fort-frei.it\/de\/die-kanzlei\/#primaryimage"},"datePublished":"2016-05-23T16:16:47+00:00","dateModified":"2016-05-24T15:47:10+00:00","breadcrumb":{"@id":"https:\/\/mayr-fort-frei.it\/de\/die-kanzlei\/#breadcrumb"},"inLanguage":"de-DE","potentialAction":[{"@type":"ReadAction","target":["https:\/\/mayr-fort-frei.it\/de\/die-kanzlei\/"]}]},{"@type":"BreadcrumbList","@id":"https:\/\/mayr-fort-frei.it\/de\/die-kanzlei\/#breadcrumb","itemListElement":[{"@type":"ListItem","position":1,"name":"Home","item":"https:\/\/mayr-fort-frei.it\/de\/"},{"@type":"ListItem","position":2,"name":"Die Kanzlei"}]}]}},"_links":{"self":[{"href":"https:\/\/mayr-fort-frei.it\/de\/wp-json\/wp\/v2\/pages\/5180"}],"collection":[{"href":"https:\/\/mayr-fort-frei.it\/de\/wp-json\/wp\/v2\/pages"}],"about":[{"href":"https:\/\/mayr-fort-frei.it\/de\/wp-json\/wp\/v2\/types\/page"}],"author":[{"embeddable":true,"href":"https:\/\/mayr-fort-frei.it\/de\/wp-json\/wp\/v2\/users\/1"}],"replies":[{"embeddable":true,"href":"https:\/\/mayr-fort-frei.it\/de\/wp-json\/wp\/v2\/comments?post=5180"}],"version-history":[{"count":3,"href":"https:\/\/mayr-fort-frei.it\/de\/wp-json\/wp\/v2\/pages\/5180\/revisions"}],"predecessor-version":[{"id":5268,"href":"https:\/\/mayr-fort-frei.it\/de\/wp-json\/wp\/v2\/pages\/5180\/revisions\/5268"}],"wp:attachment":[{"href":"https:\/\/mayr-fort-frei.it\/de\/wp-json\/wp\/v2\/media?parent=5180"}],"curies":[{"name":"wp","href":"https:\/\/api.w.org\/{rel}","templated":true}]}}

<p style="text-align: justify;">[vc_row][vc_column width=&#8220;1/2&#8243;][vc_column_text]Die Sozietät berät in allen Fragen der nationalen und internationalen Besteuerung, auch mit Unterstützung eines weiten Netzwerks von Korrespondenten in allen wichtigen Ländern (EU und außerhalb).<br />
Die Kanzlei übernimmt die Assistenz und Vertretung der Steuerpflichtigen gegenüber der Finanzverwaltung und gegenüber den Steuergerichten.</p>
<p style="text-align: justify;">Die laufende Fortbildung in Bezug auf die Entwicklungen im nationalen und internationalen Steuerrecht sowie die häufige Referententätigkeit der Partner bei Fachtagungen und die Veröffentlichung von zahlreichen Artikeln in italienischen und ausländischen Fachzeitschriften garantieren eine hohe Qualität der Beratung und eine umfassende und sorgfältige Bewertung aller steuerlich relevanten Tatbestände. Die Beratung erfolgt in italienischer, deutscher oder englischer Sprache.</p>
<p style="text-align: justify;">[/vc_column_text][/vc_column][vc_column width=&#8220;1/2&#8243;][vc_column_text]<img loading="lazy" class="alignleft size-full wp-image-4859" src="http://mayr-fort-frei.it/wp-content/uploads/2015/02/studio.jpg" alt="studio" width="1000" height="667" srcset="https://mayr-fort-frei.it/wp-content/uploads/2015/02/studio.jpg 1000w, https://mayr-fort-frei.it/wp-content/uploads/2015/02/studio-150x100.jpg 150w, https://mayr-fort-frei.it/wp-content/uploads/2015/02/studio-300x200.jpg 300w, https://mayr-fort-frei.it/wp-content/uploads/2015/02/studio-600x400.jpg 600w" sizes="(max-width: 1000px) 100vw, 1000px" />[/vc_column_text][/vc_column][/vc_row]</p>

<p>[vc_row][vc_column width=&#8220;1/2&#8243;][vc_column_text]Die Sozietät berät in allen Fragen der nationalen und internationalen Besteuerung, auch mit Unterstützung eines weiten Netzwerks von Korrespondenten in allen wichtigen Ländern (EU und außerhalb). Die Kanzlei übernimmt die Assistenz und Vertretung der Steuerpflichtigen gegenüber der Finanzverwaltung und gegenüber den Steuergerichten. Die laufende Fortbildung in Bezug auf die Entwicklungen im nationalen und internationalen [&hellip;]</p>

<!-- This site is optimized with the Yoast SEO plugin v17.9 - https://yoast.com/wordpress/plugins/seo/ -->
<title>Die Kanzlei - Mayr Fort Frei - Studio Tributario Associato</title>
<meta name="robots" content="index, follow, max-snippet:-1, max-image-preview:large, max-video-preview:-1" />
<link rel="canonical" href="https://mayr-fort-frei.it/de/die-kanzlei/" />
<meta property="og:locale" content="de_DE" />
<meta property="og:type" content="article" />
<meta property="og:title" content="Die Kanzlei - Mayr Fort Frei - Studio Tributario Associato" />
<meta property="og:description" content="[vc_row][vc_column width=&#8220;1/2&#8243;][vc_column_text]Die Sozietät berät in allen Fragen der nationalen und internationalen Besteuerung, auch mit Unterstützung eines weiten Netzwerks von Korrespondenten in allen wichtigen Ländern (EU und außerhalb). Die Kanzlei übernimmt die Assistenz und Vertretung der Steuerpflichtigen gegenüber der Finanzverwaltung und gegenüber den Steuergerichten. Die laufende Fortbildung in Bezug auf die Entwicklungen im nationalen und internationalen [&hellip;]" />
<meta property="og:url" content="https://mayr-fort-frei.it/de/die-kanzlei/" />
<meta property="og:site_name" content="Mayr Fort Frei - Studio Tributario Associato" />
<meta property="article:modified_time" content="2016-05-24T15:47:10+00:00" />
<meta property="og:image" content="http://mayr-fort-frei.it/wp-content/uploads/2015/02/studio.jpg" />
<meta name="twitter:label1" content="Geschätzte Lesezeit" />
	<meta name="twitter:data1" content="1 Minute" />
<script type="application/ld+json" class="yoast-schema-graph">{"@context":"https://schema.org","@graph":[{"@type":"WebSite","@id":"https://mayr-fort-frei.it/#website","url":"https://mayr-fort-frei.it/","name":"Mayr Fort Frei - Studio Tributario Associato","description":"Studio Tributario Associato, consulenza ed assistenza in materia tributaria, contrattuale e societaria.","potentialAction":[{"@type":"SearchAction","target":{"@type":"EntryPoint","urlTemplate":"https://mayr-fort-frei.it/?s={search_term_string}"},"query-input":"required name=search_term_string"}],"inLanguage":"de-DE"},{"@type":"ImageObject","@id":"https://mayr-fort-frei.it/de/die-kanzlei/#primaryimage","inLanguage":"de-DE","url":"http://mayr-fort-frei.it/wp-content/uploads/2015/02/studio.jpg","contentUrl":"http://mayr-fort-frei.it/wp-content/uploads/2015/02/studio.jpg"},{"@type":"WebPage","@id":"https://mayr-fort-frei.it/de/die-kanzlei/#webpage","url":"https://mayr-fort-frei.it/de/die-kanzlei/","name":"Die Kanzlei - Mayr Fort Frei - Studio Tributario Associato","isPartOf":{"@id":"https://mayr-fort-frei.it/#website"},"primaryImageOfPage":{"@id":"https://mayr-fort-frei.it/de/die-kanzlei/#primaryimage"},"datePublished":"2016-05-23T16:16:47+00:00","dateModified":"2016-05-24T15:47:10+00:00","breadcrumb":{"@id":"https://mayr-fort-frei.it/de/die-kanzlei/#breadcrumb"},"inLanguage":"de-DE","potentialAction":[{"@type":"ReadAction","target":["https://mayr-fort-frei.it/de/die-kanzlei/"]}]},{"@type":"BreadcrumbList","@id":"https://mayr-fort-frei.it/de/die-kanzlei/#breadcrumb","itemListElement":[{"@type":"ListItem","position":1,"name":"Home","item":"https://mayr-fort-frei.it/de/"},{"@type":"ListItem","position":2,"name":"Die Kanzlei"}]}]}</script>
<!-- / Yoast SEO plugin. -->

[vc_row][vc_column width=&#8220;1/2&#8243;][vc_column_text]Die Sozietät berät in allen Fragen der nationalen und internationalen Besteuerung, auch mit Unterstützung eines weiten Netzwerks von Korrespondenten in allen wichtigen Ländern (EU und außerhalb). Die Kanzlei übernimmt die Assistenz und Vertretung der Steuerpflichtigen gegenüber der Finanzverwaltung und gegenüber den Steuergerichten. Die laufende Fortbildung in Bezug auf die Entwicklungen im nationalen und internationalen [&hellip;]
