{"id":6181,"date":"2022-07-01T14:48:53","date_gmt":"2022-07-01T13:48:53","guid":{"rendered":"https:\/\/mayr-fort-frei.it\/?page_id=6181"},"modified":"2022-07-01T14:48:53","modified_gmt":"2022-07-01T13:48:53","slug":"dott-marco-belloni","status":"publish","type":"page","link":"https:\/\/mayr-fort-frei.it\/de\/team\/dott-marco-belloni\/","title":{"rendered":"Dott. Marco Belloni"},"content":{"rendered":"<p>[vc_row][vc_column width=&#8220;1\/2&#8243;][vc_column_text]<\/p>\n<p>Wirtschaftsrechtsstudium an der Universit\u00e4t \u201cCattolica del Sacro Cuore\u201c, Mailand.<br \/>\nMasterstudium in Unternehmenssteuerrecht an der Universit\u00e4t \u201eBocconi\u201c, Mailand.<br \/>\nMaster of Laws (LLm) im Bereich des internationalen Steuerrechts an der Wirtschaftsuniversit\u00e4t, Wien.<br \/>\nEintragung im Verzeichnis der Steuerberater von Mailand und der Wirtschaftspr\u00fcfer seit 2014.<br \/>\nBis 2020 in einer erstrangigen italienischen Steuerberatungskanzlei in Mailand t\u00e4tig.<br \/>\nZusammenarbeit mit der Kanzlei seit 2021.<\/p>\n<p>Sprachen: Italienisch, Englisch.<\/p>\n<p>[\/vc_column_text][\/vc_column][vc_column width=&#8220;1\/2&#8243;][vc_single_image image=&#8220;5657&#8243; img_size=&#8220;full&#8220;][\/vc_column][\/vc_row]<\/p>\n","protected":false},"excerpt":{"rendered":"<p>[vc_row][vc_column width=&#8220;1\/2&#8243;][vc_column_text] Wirtschaftsrechtsstudium an der Universit\u00e4t \u201cCattolica del Sacro Cuore\u201c, Mailand. Masterstudium in Unternehmenssteuerrecht an der Universit\u00e4t \u201eBocconi\u201c, Mailand. Master of Laws (LLm) im Bereich des internationalen Steuerrechts an der Wirtschaftsuniversit\u00e4t, Wien. Eintragung im Verzeichnis der Steuerberater von Mailand und der Wirtschaftspr\u00fcfer seit 2014. Bis 2020 in einer erstrangigen italienischen Steuerberatungskanzlei in Mailand t\u00e4tig. Zusammenarbeit [&hellip;]<\/p>\n","protected":false},"author":1,"featured_media":0,"parent":5192,"menu_order":0,"comment_status":"closed","ping_status":"closed","template":"page-sidebar-right.php","meta":[],"yoast_head":"<!-- This site is optimized with the Yoast SEO plugin v17.9 - https:\/\/yoast.com\/wordpress\/plugins\/seo\/ -->\n<title>Dott. Marco Belloni - Mayr Fort Frei - Studio Tributario Associato<\/title>\n<meta name=\"robots\" content=\"index, follow, max-snippet:-1, max-image-preview:large, max-video-preview:-1\" \/>\n<link rel=\"canonical\" href=\"https:\/\/mayr-fort-frei.it\/de\/team\/dott-marco-belloni\/\" \/>\n<meta property=\"og:locale\" content=\"de_DE\" \/>\n<meta property=\"og:type\" content=\"article\" \/>\n<meta property=\"og:title\" content=\"Dott. Marco Belloni - Mayr Fort Frei - Studio Tributario Associato\" \/>\n<meta property=\"og:description\" content=\"[vc_row][vc_column width=&#8220;1\/2&#8243;][vc_column_text] Wirtschaftsrechtsstudium an der Universit\u00e4t \u201cCattolica del Sacro Cuore\u201c, Mailand. Masterstudium in Unternehmenssteuerrecht an der Universit\u00e4t \u201eBocconi\u201c, Mailand. Master of Laws (LLm) im Bereich des internationalen Steuerrechts an der Wirtschaftsuniversit\u00e4t, Wien. Eintragung im Verzeichnis der Steuerberater von Mailand und der Wirtschaftspr\u00fcfer seit 2014. Bis 2020 in einer erstrangigen italienischen Steuerberatungskanzlei in Mailand t\u00e4tig. Zusammenarbeit [&hellip;]\" \/>\n<meta property=\"og:url\" content=\"https:\/\/mayr-fort-frei.it\/de\/team\/dott-marco-belloni\/\" \/>\n<meta property=\"og:site_name\" content=\"Mayr Fort Frei - Studio Tributario Associato\" \/>\n<script type=\"application\/ld+json\" class=\"yoast-schema-graph\">{\"@context\":\"https:\/\/schema.org\",\"@graph\":[{\"@type\":\"WebSite\",\"@id\":\"https:\/\/mayr-fort-frei.it\/#website\",\"url\":\"https:\/\/mayr-fort-frei.it\/\",\"name\":\"Mayr Fort Frei - Studio Tributario Associato\",\"description\":\"Studio Tributario Associato, consulenza ed assistenza in materia tributaria, contrattuale e societaria.\",\"potentialAction\":[{\"@type\":\"SearchAction\",\"target\":{\"@type\":\"EntryPoint\",\"urlTemplate\":\"https:\/\/mayr-fort-frei.it\/?s={search_term_string}\"},\"query-input\":\"required name=search_term_string\"}],\"inLanguage\":\"de-DE\"},{\"@type\":\"WebPage\",\"@id\":\"https:\/\/mayr-fort-frei.it\/de\/team\/dott-marco-belloni\/#webpage\",\"url\":\"https:\/\/mayr-fort-frei.it\/de\/team\/dott-marco-belloni\/\",\"name\":\"Dott. Marco Belloni - Mayr Fort Frei - Studio Tributario Associato\",\"isPartOf\":{\"@id\":\"https:\/\/mayr-fort-frei.it\/#website\"},\"datePublished\":\"2022-07-01T13:48:53+00:00\",\"dateModified\":\"2022-07-01T13:48:53+00:00\",\"breadcrumb\":{\"@id\":\"https:\/\/mayr-fort-frei.it\/de\/team\/dott-marco-belloni\/#breadcrumb\"},\"inLanguage\":\"de-DE\",\"potentialAction\":[{\"@type\":\"ReadAction\",\"target\":[\"https:\/\/mayr-fort-frei.it\/de\/team\/dott-marco-belloni\/\"]}]},{\"@type\":\"BreadcrumbList\",\"@id\":\"https:\/\/mayr-fort-frei.it\/de\/team\/dott-marco-belloni\/#breadcrumb\",\"itemListElement\":[{\"@type\":\"ListItem\",\"position\":1,\"name\":\"Home\",\"item\":\"https:\/\/mayr-fort-frei.it\/de\/\"},{\"@type\":\"ListItem\",\"position\":2,\"name\":\"Team\",\"item\":\"https:\/\/mayr-fort-frei.it\/de\/team\/\"},{\"@type\":\"ListItem\",\"position\":3,\"name\":\"Dott. Marco Belloni\"}]}]}<\/script>\n<!-- \/ Yoast SEO plugin. -->","yoast_head_json":{"title":"Dott. Marco Belloni - Mayr Fort Frei - Studio Tributario Associato","robots":{"index":"index","follow":"follow","max-snippet":"max-snippet:-1","max-image-preview":"max-image-preview:large","max-video-preview":"max-video-preview:-1"},"canonical":"https:\/\/mayr-fort-frei.it\/de\/team\/dott-marco-belloni\/","og_locale":"de_DE","og_type":"article","og_title":"Dott. Marco Belloni - Mayr Fort Frei - Studio Tributario Associato","og_description":"[vc_row][vc_column width=&#8220;1\/2&#8243;][vc_column_text] Wirtschaftsrechtsstudium an der Universit\u00e4t \u201cCattolica del Sacro Cuore\u201c, Mailand. Masterstudium in Unternehmenssteuerrecht an der Universit\u00e4t \u201eBocconi\u201c, Mailand. Master of Laws (LLm) im Bereich des internationalen Steuerrechts an der Wirtschaftsuniversit\u00e4t, Wien. Eintragung im Verzeichnis der Steuerberater von Mailand und der Wirtschaftspr\u00fcfer seit 2014. Bis 2020 in einer erstrangigen italienischen Steuerberatungskanzlei in Mailand t\u00e4tig. Zusammenarbeit [&hellip;]","og_url":"https:\/\/mayr-fort-frei.it\/de\/team\/dott-marco-belloni\/","og_site_name":"Mayr Fort Frei - Studio Tributario Associato","schema":{"@context":"https:\/\/schema.org","@graph":[{"@type":"WebSite","@id":"https:\/\/mayr-fort-frei.it\/#website","url":"https:\/\/mayr-fort-frei.it\/","name":"Mayr Fort Frei - Studio Tributario Associato","description":"Studio Tributario Associato, consulenza ed assistenza in materia tributaria, contrattuale e societaria.","potentialAction":[{"@type":"SearchAction","target":{"@type":"EntryPoint","urlTemplate":"https:\/\/mayr-fort-frei.it\/?s={search_term_string}"},"query-input":"required name=search_term_string"}],"inLanguage":"de-DE"},{"@type":"WebPage","@id":"https:\/\/mayr-fort-frei.it\/de\/team\/dott-marco-belloni\/#webpage","url":"https:\/\/mayr-fort-frei.it\/de\/team\/dott-marco-belloni\/","name":"Dott. Marco Belloni - Mayr Fort Frei - Studio Tributario Associato","isPartOf":{"@id":"https:\/\/mayr-fort-frei.it\/#website"},"datePublished":"2022-07-01T13:48:53+00:00","dateModified":"2022-07-01T13:48:53+00:00","breadcrumb":{"@id":"https:\/\/mayr-fort-frei.it\/de\/team\/dott-marco-belloni\/#breadcrumb"},"inLanguage":"de-DE","potentialAction":[{"@type":"ReadAction","target":["https:\/\/mayr-fort-frei.it\/de\/team\/dott-marco-belloni\/"]}]},{"@type":"BreadcrumbList","@id":"https:\/\/mayr-fort-frei.it\/de\/team\/dott-marco-belloni\/#breadcrumb","itemListElement":[{"@type":"ListItem","position":1,"name":"Home","item":"https:\/\/mayr-fort-frei.it\/de\/"},{"@type":"ListItem","position":2,"name":"Team","item":"https:\/\/mayr-fort-frei.it\/de\/team\/"},{"@type":"ListItem","position":3,"name":"Dott. Marco Belloni"}]}]}},"_links":{"self":[{"href":"https:\/\/mayr-fort-frei.it\/de\/wp-json\/wp\/v2\/pages\/6181"}],"collection":[{"href":"https:\/\/mayr-fort-frei.it\/de\/wp-json\/wp\/v2\/pages"}],"about":[{"href":"https:\/\/mayr-fort-frei.it\/de\/wp-json\/wp\/v2\/types\/page"}],"author":[{"embeddable":true,"href":"https:\/\/mayr-fort-frei.it\/de\/wp-json\/wp\/v2\/users\/1"}],"replies":[{"embeddable":true,"href":"https:\/\/mayr-fort-frei.it\/de\/wp-json\/wp\/v2\/comments?post=6181"}],"version-history":[{"count":2,"href":"https:\/\/mayr-fort-frei.it\/de\/wp-json\/wp\/v2\/pages\/6181\/revisions"}],"predecessor-version":[{"id":6185,"href":"https:\/\/mayr-fort-frei.it\/de\/wp-json\/wp\/v2\/pages\/6181\/revisions\/6185"}],"up":[{"embeddable":true,"href":"https:\/\/mayr-fort-frei.it\/de\/wp-json\/wp\/v2\/pages\/5192"}],"wp:attachment":[{"href":"https:\/\/mayr-fort-frei.it\/de\/wp-json\/wp\/v2\/media?parent=6181"}],"curies":[{"name":"wp","href":"https:\/\/api.w.org\/{rel}","templated":true}]}}

<p>[vc_row][vc_column width=&#8220;1/2&#8243;][vc_column_text]</p>
<p>Wirtschaftsrechtsstudium an der Universität “Cattolica del Sacro Cuore“, Mailand.<br />
Masterstudium in Unternehmenssteuerrecht an der Universität „Bocconi“, Mailand.<br />
Master of Laws (LLm) im Bereich des internationalen Steuerrechts an der Wirtschaftsuniversität, Wien.<br />
Eintragung im Verzeichnis der Steuerberater von Mailand und der Wirtschaftsprüfer seit 2014.<br />
Bis 2020 in einer erstrangigen italienischen Steuerberatungskanzlei in Mailand tätig.<br />
Zusammenarbeit mit der Kanzlei seit 2021.</p>
<p>Sprachen: Italienisch, Englisch.</p>
<p>[/vc_column_text][/vc_column][vc_column width=&#8220;1/2&#8243;][vc_single_image image=&#8220;5657&#8243; img_size=&#8220;full&#8220;][/vc_column][/vc_row]</p>

<p>[vc_row][vc_column width=&#8220;1/2&#8243;][vc_column_text] Wirtschaftsrechtsstudium an der Universität “Cattolica del Sacro Cuore“, Mailand. Masterstudium in Unternehmenssteuerrecht an der Universität „Bocconi“, Mailand. Master of Laws (LLm) im Bereich des internationalen Steuerrechts an der Wirtschaftsuniversität, Wien. Eintragung im Verzeichnis der Steuerberater von Mailand und der Wirtschaftsprüfer seit 2014. Bis 2020 in einer erstrangigen italienischen Steuerberatungskanzlei in Mailand tätig. Zusammenarbeit [&hellip;]</p>

<!-- This site is optimized with the Yoast SEO plugin v17.9 - https://yoast.com/wordpress/plugins/seo/ -->
<title>Dott. Marco Belloni - Mayr Fort Frei - Studio Tributario Associato</title>
<meta name="robots" content="index, follow, max-snippet:-1, max-image-preview:large, max-video-preview:-1" />
<link rel="canonical" href="https://mayr-fort-frei.it/de/team/dott-marco-belloni/" />
<meta property="og:locale" content="de_DE" />
<meta property="og:type" content="article" />
<meta property="og:title" content="Dott. Marco Belloni - Mayr Fort Frei - Studio Tributario Associato" />
<meta property="og:description" content="[vc_row][vc_column width=&#8220;1/2&#8243;][vc_column_text] Wirtschaftsrechtsstudium an der Universität “Cattolica del Sacro Cuore“, Mailand. Masterstudium in Unternehmenssteuerrecht an der Universität „Bocconi“, Mailand. Master of Laws (LLm) im Bereich des internationalen Steuerrechts an der Wirtschaftsuniversität, Wien. Eintragung im Verzeichnis der Steuerberater von Mailand und der Wirtschaftsprüfer seit 2014. Bis 2020 in einer erstrangigen italienischen Steuerberatungskanzlei in Mailand tätig. Zusammenarbeit [&hellip;]" />
<meta property="og:url" content="https://mayr-fort-frei.it/de/team/dott-marco-belloni/" />
<meta property="og:site_name" content="Mayr Fort Frei - Studio Tributario Associato" />
<script type="application/ld+json" class="yoast-schema-graph">{"@context":"https://schema.org","@graph":[{"@type":"WebSite","@id":"https://mayr-fort-frei.it/#website","url":"https://mayr-fort-frei.it/","name":"Mayr Fort Frei - Studio Tributario Associato","description":"Studio Tributario Associato, consulenza ed assistenza in materia tributaria, contrattuale e societaria.","potentialAction":[{"@type":"SearchAction","target":{"@type":"EntryPoint","urlTemplate":"https://mayr-fort-frei.it/?s={search_term_string}"},"query-input":"required name=search_term_string"}],"inLanguage":"de-DE"},{"@type":"WebPage","@id":"https://mayr-fort-frei.it/de/team/dott-marco-belloni/#webpage","url":"https://mayr-fort-frei.it/de/team/dott-marco-belloni/","name":"Dott. Marco Belloni - Mayr Fort Frei - Studio Tributario Associato","isPartOf":{"@id":"https://mayr-fort-frei.it/#website"},"datePublished":"2022-07-01T13:48:53+00:00","dateModified":"2022-07-01T13:48:53+00:00","breadcrumb":{"@id":"https://mayr-fort-frei.it/de/team/dott-marco-belloni/#breadcrumb"},"inLanguage":"de-DE","potentialAction":[{"@type":"ReadAction","target":["https://mayr-fort-frei.it/de/team/dott-marco-belloni/"]}]},{"@type":"BreadcrumbList","@id":"https://mayr-fort-frei.it/de/team/dott-marco-belloni/#breadcrumb","itemListElement":[{"@type":"ListItem","position":1,"name":"Home","item":"https://mayr-fort-frei.it/de/"},{"@type":"ListItem","position":2,"name":"Team","item":"https://mayr-fort-frei.it/de/team/"},{"@type":"ListItem","position":3,"name":"Dott. Marco Belloni"}]}]}</script>
<!-- / Yoast SEO plugin. -->

[vc_row][vc_column width=&#8220;1/2&#8243;][vc_column_text] Wirtschaftsrechtsstudium an der Universität “Cattolica del Sacro Cuore“, Mailand. Masterstudium in Unternehmenssteuerrecht an der Universität „Bocconi“, Mailand. Master of Laws (LLm) im Bereich des internationalen Steuerrechts an der Wirtschaftsuniversität, Wien. Eintragung im Verzeichnis der Steuerberater von Mailand und der Wirtschaftsprüfer seit 2014. Bis 2020 in einer erstrangigen italienischen Steuerberatungskanzlei in Mailand tätig. Zusammenarbeit [&hellip;]
